CRAN Package Check Results for Package optionstrat

Last updated on 2025-02-20 09:50:58 CET.

Flavor Version Tinstall Tcheck Ttotal Status Flags
r-devel-linux-x86_64-debian-clang 1.4.1 2.81 26.23 29.04 OK
r-devel-linux-x86_64-debian-gcc 1.4.1 2.13 19.68 21.81 OK
r-devel-linux-x86_64-fedora-clang 1.4.1 46.89 OK
r-devel-linux-x86_64-fedora-gcc 1.4.1 63.26 OK
r-devel-macos-arm64 1.4.1 21.00 OK
r-devel-macos-x86_64 1.4.1 36.00 OK
r-devel-windows-x86_64 1.4.1 4.00 52.00 56.00 OK
r-patched-linux-x86_64 1.4.1 3.07 25.03 28.10 NOTE
r-release-linux-x86_64 1.4.1 2.84 24.90 27.74 NOTE
r-release-macos-arm64 1.4.1 25.00 NOTE
r-release-macos-x86_64 1.4.1 32.00 NOTE
r-release-windows-x86_64 1.4.1 5.00 59.00 64.00 NOTE
r-oldrel-macos-arm64 1.4.1 25.00 NOTE
r-oldrel-macos-x86_64 1.4.1 34.00 NOTE
r-oldrel-windows-x86_64 1.4.1 4.00 54.00 58.00 NOTE

Check Details

Version: 1.4.1
Check: LazyData
Result: NOTE 'LazyData' is specified without a 'data' directory Flavors: r-patched-linux-x86_64, r-release-linux-x86_64, r-release-macos-arm64, r-release-macos-x86_64, r-release-windows-x86_64, r-oldrel-macos-arm64, r-oldrel-macos-x86_64, r-oldrel-windows-x86_64