CRAN Package Check Results for Package onion

Last updated on 2025-02-17 09:49:49 CET.

Flavor Version Tinstall Tcheck Ttotal Status Flags
r-devel-linux-x86_64-debian-clang 1.5-3 16.07 169.44 185.51 OK
r-devel-linux-x86_64-debian-gcc 1.5-3 13.70 116.69 130.39 OK
r-devel-linux-x86_64-fedora-clang 1.5-3 312.95 OK
r-devel-linux-x86_64-fedora-gcc 1.5-3 296.42 OK
r-devel-macos-arm64 1.5-3 96.00 WARN
r-devel-macos-x86_64 1.5-3 218.00 OK
r-devel-windows-x86_64 1.5-3 21.00 216.00 237.00 OK
r-patched-linux-x86_64 1.5-3 17.71 159.76 177.47 OK
r-release-linux-x86_64 1.5-3 17.13 159.06 176.19 OK
r-release-macos-arm64 1.5-3 103.00 WARN
r-release-macos-x86_64 1.5-3 187.00 OK
r-release-windows-x86_64 1.5-3 21.00 187.00 208.00 OK
r-oldrel-macos-arm64 1.5-3 101.00 NOTE
r-oldrel-macos-x86_64 1.5-3 234.00 OK
r-oldrel-windows-x86_64 1.5-3 27.00 248.00 275.00 OK

Check Details

Version: 1.5-3
Check: re-building of vignette outputs
Result: WARN Error(s) in re-building vignettes: --- re-building ‘onionmat.Rmd’ using rmarkdown --- finished re-building ‘onionmat.Rmd’ --- re-building ‘onionpaper.Rnw’ using Sweave Loading required package: onion Warning in plot.xy(xy.coords(x, y), type = type, ...) : "box" is not a graphical parameter Warning in plot.xy(xy.coords(x, y), type = type, ...) : "r" is not a graphical parameter Warning in plot.xy(xy.coords(x, y), type = type, ...) : "theta" is not a graphical parameter Warning in plot.xy(xy.coords(x, y), type = type, ...) : "phi" is not a graphical parameter Warning in plot.xy(xy.coords(x, y), type = type, ...) : "box" is not a graphical parameter Warning in plot.xy(xy.coords(x, y), type = type, ...) : "r" is not a graphical parameter Warning in plot.xy(xy.coords(x, y), type = type, ...) : "theta" is not a graphical parameter Warning in plot.xy(xy.coords(x, y), type = type, ...) : "phi" is not a graphical parameter Warning in plot.xy(xy.coords(x, y), type = type, ...) : "box" is not a graphical parameter Warning in plot.xy(xy.coords(x, y), type = type, ...) : "r" is not a graphical parameter Warning in plot.xy(xy.coords(x, y), type = type, ...) : "theta" is not a graphical parameter Warning in plot.xy(xy.coords(x, y), type = type, ...) : "phi" is not a graphical parameter Warning in plot.xy(xy.coords(x, y), type = type, ...) : "box" is not a graphical parameter Warning in plot.xy(xy.coords(x, y), type = type, ...) : "r" is not a graphical parameter Warning in plot.xy(xy.coords(x, y), type = type, ...) : "theta" is not a graphical parameter Warning in plot.xy(xy.coords(x, y), type = type, ...) : "phi" is not a graphical parameter Error: processing vignette 'onionpaper.Rnw' failed with diagnostics: Running 'texi2dvi' on 'onionpaper.tex' failed. LaTeX errors: !pdfTeX error: pdflatex (file bbm10): Font bbm10 at 657 not found ==> Fatal error occurred, no output PDF file produced! --- failed re-building ‘onionpaper.Rnw’ SUMMARY: processing the following file failed: ‘onionpaper.Rnw’ Error: Vignette re-building failed. Execution halted Flavors: r-devel-macos-arm64, r-release-macos-arm64

Version: 1.5-3
Check: re-building of vignette outputs
Result: NOTE Error(s) in re-building vignettes: --- re-building ‘onionmat.Rmd’ using rmarkdown --- finished re-building ‘onionmat.Rmd’ --- re-building ‘onionpaper.Rnw’ using Sweave Loading required package: onion Warning in plot.xy(xy.coords(x, y), type = type, ...) : "box" is not a graphical parameter Warning in plot.xy(xy.coords(x, y), type = type, ...) : "r" is not a graphical parameter Warning in plot.xy(xy.coords(x, y), type = type, ...) : "theta" is not a graphical parameter Warning in plot.xy(xy.coords(x, y), type = type, ...) : "phi" is not a graphical parameter Warning in plot.xy(xy.coords(x, y), type = type, ...) : "box" is not a graphical parameter Warning in plot.xy(xy.coords(x, y), type = type, ...) : "r" is not a graphical parameter Warning in plot.xy(xy.coords(x, y), type = type, ...) : "theta" is not a graphical parameter Warning in plot.xy(xy.coords(x, y), type = type, ...) : "phi" is not a graphical parameter Warning in plot.xy(xy.coords(x, y), type = type, ...) : "box" is not a graphical parameter Warning in plot.xy(xy.coords(x, y), type = type, ...) : "r" is not a graphical parameter Warning in plot.xy(xy.coords(x, y), type = type, ...) : "theta" is not a graphical parameter Warning in plot.xy(xy.coords(x, y), type = type, ...) : "phi" is not a graphical parameter Warning in plot.xy(xy.coords(x, y), type = type, ...) : "box" is not a graphical parameter Warning in plot.xy(xy.coords(x, y), type = type, ...) : "r" is not a graphical parameter Warning in plot.xy(xy.coords(x, y), type = type, ...) : "theta" is not a graphical parameter Warning in plot.xy(xy.coords(x, y), type = type, ...) : "phi" is not a graphical parameter Error: processing vignette 'onionpaper.Rnw' failed with diagnostics: Running 'texi2dvi' on 'onionpaper.tex' failed. LaTeX errors: !pdfTeX error: pdflatex (file bbm10): Font bbm10 at 657 not found ==> Fatal error occurred, no output PDF file produced! --- failed re-building ‘onionpaper.Rnw’ SUMMARY: processing the following file failed: ‘onionpaper.Rnw’ Error: Vignette re-building failed. Execution halted Flavor: r-oldrel-macos-arm64