CRAN Package Check Results for Package olr

Last updated on 2025-02-17 09:49:49 CET.

Flavor Version Tinstall Tcheck Ttotal Status Flags
r-devel-linux-x86_64-debian-clang 1.1 1.60 21.97 23.57 OK
r-devel-linux-x86_64-debian-gcc 1.1 1.60 17.44 19.04 OK
r-devel-linux-x86_64-fedora-clang 1.1 41.19 OK
r-devel-linux-x86_64-fedora-gcc 1.1 36.71 OK
r-devel-macos-arm64 1.1 16.00 OK
r-devel-macos-x86_64 1.1 28.00 OK
r-devel-windows-x86_64 1.1 3.00 49.00 52.00 OK
r-patched-linux-x86_64 1.1 2.16 21.00 23.16 NOTE
r-release-linux-x86_64 1.1 2.14 20.99 23.13 NOTE
r-release-macos-arm64 1.1 16.00 NOTE
r-release-macos-x86_64 1.1 23.00 NOTE
r-release-windows-x86_64 1.1 3.00 45.00 48.00 NOTE
r-oldrel-macos-arm64 1.1 18.00 NOTE
r-oldrel-macos-x86_64 1.1 22.00 NOTE
r-oldrel-windows-x86_64 1.1 4.00 44.00 48.00 NOTE

Check Details

Version: 1.1
Check: LazyData
Result: NOTE 'LazyData' is specified without a 'data' directory Flavors: r-patched-linux-x86_64, r-release-linux-x86_64, r-release-macos-arm64, r-release-macos-x86_64, r-release-windows-x86_64, r-oldrel-macos-arm64, r-oldrel-macos-x86_64, r-oldrel-windows-x86_64