Last updated on 2025-02-19 09:50:57 CET.
Flavor | Version | Tinstall | Tcheck | Ttotal | Status | Flags |
---|---|---|---|---|---|---|
r-devel-linux-x86_64-debian-clang | 1.0.0 | 12.48 | 21.39 | 33.87 | OK | |
r-devel-linux-x86_64-debian-gcc | 1.0.0 | 9.55 | 17.09 | 26.64 | OK | |
r-devel-linux-x86_64-fedora-clang | 1.0.0 | 50.79 | OK | |||
r-devel-linux-x86_64-fedora-gcc | 1.0.0 | 50.38 | OK | |||
r-devel-macos-arm64 | 1.0.0 | 24.00 | OK | |||
r-devel-macos-x86_64 | 1.0.0 | 44.00 | OK | |||
r-devel-windows-x86_64 | 1.0.0 | 11.00 | 44.00 | 55.00 | OK | |
r-patched-linux-x86_64 | 1.0.0 | 12.58 | 19.94 | 32.52 | OK | |
r-release-linux-x86_64 | 1.0.0 | 12.09 | 20.45 | 32.54 | OK | |
r-release-macos-arm64 | 1.0.0 | 24.00 | NOTE | |||
r-release-macos-x86_64 | 1.0.0 | 33.00 | NOTE | |||
r-release-windows-x86_64 | 1.0.0 | 11.00 | 36.00 | 47.00 | OK | |
r-oldrel-macos-arm64 | 1.0.0 | 23.00 | NOTE | |||
r-oldrel-macos-x86_64 | 1.0.0 | 34.00 | NOTE | |||
r-oldrel-windows-x86_64 | 1.0.0 | 12.00 | 39.00 | 51.00 | OK |
Version: 1.0.0
Check: installed package size
Result: NOTE
installed size is 5.4Mb
sub-directories of 1Mb or more:
data 5.3Mb
Flavors: r-release-macos-arm64, r-release-macos-x86_64, r-oldrel-macos-arm64, r-oldrel-macos-x86_64