Last updated on 2025-02-17 09:49:49 CET.
Flavor | Version | Tinstall | Tcheck | Ttotal | Status | Flags |
---|---|---|---|---|---|---|
r-devel-linux-x86_64-debian-clang | 0.1.0 | 5.21 | 86.36 | 91.57 | NOTE | |
r-devel-linux-x86_64-debian-gcc | 0.1.0 | 4.23 | 64.53 | 68.76 | NOTE | |
r-devel-linux-x86_64-fedora-clang | 0.1.0 | 151.89 | NOTE | |||
r-devel-linux-x86_64-fedora-gcc | 0.1.0 | 137.77 | NOTE | |||
r-devel-macos-arm64 | 0.1.0 | 47.00 | OK | |||
r-devel-macos-x86_64 | 0.1.0 | 86.00 | NOTE | |||
r-devel-windows-x86_64 | 0.1.0 | 8.00 | 91.00 | 99.00 | NOTE | |
r-patched-linux-x86_64 | 0.1.0 | 5.25 | 79.91 | 85.16 | OK | |
r-release-linux-x86_64 | 0.1.0 | 4.77 | 81.11 | 85.88 | OK | |
r-release-macos-arm64 | 0.1.0 | 46.00 | OK | |||
r-release-macos-x86_64 | 0.1.0 | 62.00 | OK | |||
r-release-windows-x86_64 | 0.1.0 | 9.00 | 91.00 | 100.00 | OK | |
r-oldrel-macos-arm64 | 0.1.0 | 51.00 | OK | |||
r-oldrel-macos-x86_64 | 0.1.0 | 90.00 | OK | |||
r-oldrel-windows-x86_64 | 0.1.0 | 12.00 | 126.00 | 138.00 | OK |
Version: 0.1.0
Check: DESCRIPTION meta-information
Result: NOTE
Missing dependency on R >= 4.1.0 because package code uses the pipe
|> or function shorthand \(...) syntax added in R 4.1.0.
File(s) using such syntax:
‘oes_prep.R’
Flavors: r-devel-linux-x86_64-debian-clang, r-devel-linux-x86_64-debian-gcc, r-devel-linux-x86_64-fedora-clang, r-devel-linux-x86_64-fedora-gcc, r-devel-macos-x86_64, r-devel-windows-x86_64