Last updated on 2025-07-13 09:49:47 CEST.
Flavor | Version | Tinstall | Tcheck | Ttotal | Status | Flags |
---|---|---|---|---|---|---|
r-devel-linux-x86_64-debian-clang | 0.2.0 | 2.68 | 51.88 | 54.56 | NOTE | |
r-devel-linux-x86_64-debian-gcc | 0.2.0 | 2.10 | 38.69 | 40.79 | NOTE | |
r-devel-linux-x86_64-fedora-clang | 0.2.0 | 86.06 | OK | |||
r-devel-linux-x86_64-fedora-gcc | 0.2.0 | 93.99 | OK | |||
r-devel-windows-x86_64 | 0.2.0 | 4.00 | 115.00 | 119.00 | OK | |
r-patched-linux-x86_64 | 0.2.0 | 3.05 | 47.27 | 50.32 | OK | |
r-release-linux-x86_64 | 0.2.0 | 2.86 | 47.35 | 50.21 | OK | |
r-release-macos-arm64 | 0.2.0 | 89.00 | OK | |||
r-release-macos-x86_64 | 0.2.0 | 129.00 | OK | |||
r-release-windows-x86_64 | 0.2.0 | 5.00 | 122.00 | 127.00 | OK | |
r-oldrel-macos-arm64 | 0.2.0 | 93.00 | OK | |||
r-oldrel-macos-x86_64 | 0.2.0 | 148.00 | OK | |||
r-oldrel-windows-x86_64 | 0.2.0 | 6.00 | 130.00 | 136.00 | OK |
Version: 0.2.0
Check: CRAN incoming feasibility
Result: NOTE
Maintainer: ‘Frank Farach <frank.farach@gmail.com>’
Package CITATION file contains call(s) to old-style citEntry(). Please
use bibentry() instead.
Flavors: r-devel-linux-x86_64-debian-clang, r-devel-linux-x86_64-debian-gcc