CRAN Package Check Results for Package nparsurv

Last updated on 2025-02-19 09:50:57 CET.

Flavor Version Tinstall Tcheck Ttotal Status Flags
r-devel-linux-x86_64-debian-clang 0.1.0 6.79 50.13 56.92 OK
r-devel-linux-x86_64-debian-gcc 0.1.0 4.77 38.66 43.43 OK
r-devel-linux-x86_64-fedora-clang 0.1.0 88.84 OK
r-devel-linux-x86_64-fedora-gcc 0.1.0 84.26 OK
r-devel-macos-arm64 0.1.0 30.00 OK
r-devel-macos-x86_64 0.1.0 49.00 OK
r-devel-windows-x86_64 0.1.0 7.00 63.00 70.00 OK
r-patched-linux-x86_64 0.1.0 5.84 47.85 53.69 NOTE
r-release-linux-x86_64 0.1.0 5.45 48.26 53.71 NOTE
r-release-macos-arm64 0.1.0 30.00 NOTE
r-release-macos-x86_64 0.1.0 41.00 NOTE
r-release-windows-x86_64 0.1.0 8.00 63.00 71.00 NOTE
r-oldrel-macos-arm64 0.1.0 30.00 NOTE
r-oldrel-macos-x86_64 0.1.0 49.00 NOTE
r-oldrel-windows-x86_64 0.1.0 9.00 86.00 95.00 NOTE

Check Details

Version: 0.1.0
Check: LazyData
Result: NOTE 'LazyData' is specified without a 'data' directory Flavors: r-patched-linux-x86_64, r-release-linux-x86_64, r-release-macos-arm64, r-release-macos-x86_64, r-release-windows-x86_64, r-oldrel-macos-arm64, r-oldrel-macos-x86_64, r-oldrel-windows-x86_64