Last updated on 2025-02-21 09:50:53 CET.
Flavor | Version | Tinstall | Tcheck | Ttotal | Status | Flags |
---|---|---|---|---|---|---|
r-devel-linux-x86_64-debian-clang | 0.4-2 | 2.08 | 15.76 | 17.84 | OK | |
r-devel-linux-x86_64-debian-gcc | 0.4-2 | 1.67 | 13.21 | 14.88 | OK | |
r-devel-linux-x86_64-fedora-clang | 0.4-2 | 28.88 | NOTE | |||
r-devel-linux-x86_64-fedora-gcc | 0.4-2 | 26.99 | NOTE | |||
r-devel-macos-arm64 | 0.4-2 | 17.00 | OK | |||
r-devel-macos-x86_64 | 0.4-2 | 26.00 | OK | |||
r-patched-linux-x86_64 | 0.4-2 | 1.97 | 15.17 | 17.14 | OK | |
r-release-linux-x86_64 | 0.4-2 | 1.98 | 15.13 | 17.11 | OK | |
r-release-macos-arm64 | 0.4-2 | 14.00 | OK | |||
r-release-macos-x86_64 | 0.4-2 | 20.00 | OK | |||
r-oldrel-macos-arm64 | 0.4-2 | 20.00 | OK | |||
r-oldrel-macos-x86_64 | 0.4-2 | 34.00 | OK |
Version: 0.4-2
Check: compiled code
Result: NOTE
File ‘nice/libs/nice.so’:
Found no calls to: ‘R_registerRoutines’, ‘R_useDynamicSymbols’
It is good practice to register native routines and to disable symbol
search.
See ‘Writing portable packages’ in the ‘Writing R Extensions’ manual.
Flavors: r-devel-linux-x86_64-fedora-clang, r-devel-linux-x86_64-fedora-gcc