Last updated on 2025-02-19 09:50:56 CET.
Flavor | Version | Tinstall | Tcheck | Ttotal | Status | Flags |
---|---|---|---|---|---|---|
r-devel-linux-x86_64-debian-clang | 0.4.1 | 37.96 | 23.28 | 61.24 | OK | |
r-devel-linux-x86_64-debian-gcc | 0.4.1 | 27.21 | 18.33 | 45.54 | OK | |
r-devel-linux-x86_64-fedora-clang | 0.4.1 | 123.04 | NOTE | |||
r-devel-linux-x86_64-fedora-gcc | 0.4.1 | 110.69 | NOTE | |||
r-devel-macos-arm64 | 0.4.1 | 29.00 | OK | |||
r-devel-macos-x86_64 | 0.4.1 | 42.00 | OK | |||
r-devel-windows-x86_64 | 0.4.1 | 38.00 | 67.00 | 105.00 | OK | |
r-patched-linux-x86_64 | 0.4.1 | 37.79 | 22.13 | 59.92 | OK | |
r-release-linux-x86_64 | 0.4.1 | 37.26 | 22.39 | 59.65 | OK | |
r-release-macos-arm64 | 0.4.1 | 30.00 | OK | |||
r-release-macos-x86_64 | 0.4.1 | 36.00 | OK | |||
r-release-windows-x86_64 | 0.4.1 | 40.00 | 64.00 | 104.00 | OK | |
r-oldrel-macos-arm64 | 0.4.1 | 36.00 | OK | |||
r-oldrel-macos-x86_64 | 0.4.1 | 59.00 | OK | |||
r-oldrel-windows-x86_64 | 0.4.1 | 49.00 | 94.00 | 143.00 | OK |
Version: 0.4.1
Check: compiled code
Result: NOTE
File ‘mp/libs/mp.so’:
Found no calls to: ‘R_registerRoutines’, ‘R_useDynamicSymbols’
It is good practice to register native routines and to disable symbol
search.
See ‘Writing portable packages’ in the ‘Writing R Extensions’ manual.
Flavors: r-devel-linux-x86_64-fedora-clang, r-devel-linux-x86_64-fedora-gcc