Last updated on 2025-02-19 09:50:56 CET.
Flavor | Version | Tinstall | Tcheck | Ttotal | Status | Flags |
---|---|---|---|---|---|---|
r-devel-linux-x86_64-debian-clang | 3.2.3 | 63.94 | 82.11 | 146.05 | OK | |
r-devel-linux-x86_64-debian-gcc | 3.2.3 | 47.14 | 56.33 | 103.47 | OK | |
r-devel-linux-x86_64-fedora-clang | 3.2.3 | 269.69 | OK | |||
r-devel-linux-x86_64-fedora-gcc | 3.2.3 | 259.72 | OK | |||
r-devel-macos-arm64 | 3.2.3 | 71.00 | OK | |||
r-devel-macos-x86_64 | 3.2.3 | 109.00 | OK | |||
r-devel-windows-x86_64 | 3.2.3 | 78.00 | 136.00 | 214.00 | OK | |
r-patched-linux-x86_64 | 3.2.3 | 72.23 | 78.24 | 150.47 | OK | |
r-release-linux-x86_64 | 3.2.3 | 70.34 | 74.73 | 145.07 | OK | |
r-release-macos-arm64 | 3.2.3 | 79.00 | NOTE | |||
r-release-macos-x86_64 | 3.2.3 | 84.00 | NOTE | |||
r-release-windows-x86_64 | 3.2.3 | 79.00 | 129.00 | 208.00 | OK | |
r-oldrel-macos-arm64 | 3.2.3 | 71.00 | NOTE | |||
r-oldrel-macos-x86_64 | 3.2.3 | 116.00 | NOTE | |||
r-oldrel-windows-x86_64 | 3.2.3 | 92.00 | 150.00 | 242.00 | OK |
Version: 3.2.3
Check: installed package size
Result: NOTE
installed size is 6.4Mb
sub-directories of 1Mb or more:
data 3.0Mb
libs 2.6Mb
Flavors: r-release-macos-arm64, r-release-macos-x86_64, r-oldrel-macos-arm64, r-oldrel-macos-x86_64