Last updated on 2025-02-19 09:50:56 CET.
Flavor | Version | Tinstall | Tcheck | Ttotal | Status | Flags |
---|---|---|---|---|---|---|
r-devel-linux-x86_64-debian-clang | 0.4 | 12.70 | 212.30 | 225.00 | NOTE | |
r-devel-linux-x86_64-debian-gcc | 0.4 | 8.99 | 156.76 | 165.75 | NOTE | |
r-devel-linux-x86_64-fedora-clang | 0.4 | 342.19 | OK | |||
r-devel-linux-x86_64-fedora-gcc | 0.4 | 352.40 | OK | |||
r-devel-macos-arm64 | 0.4 | 131.00 | OK | |||
r-devel-macos-x86_64 | 0.4 | 281.00 | OK | |||
r-devel-windows-x86_64 | 0.4 | 14.00 | 219.00 | 233.00 | NOTE | |
r-patched-linux-x86_64 | 0.4 | 17.68 | 187.43 | 205.11 | OK | |
r-release-linux-x86_64 | 0.4 | 12.59 | 187.61 | 200.20 | OK | |
r-release-macos-arm64 | 0.4 | 116.00 | OK | |||
r-release-macos-x86_64 | 0.4 | 158.00 | OK | |||
r-release-windows-x86_64 | 0.4 | 14.00 | 205.00 | 219.00 | OK | |
r-oldrel-macos-arm64 | 0.4 | 118.00 | OK | |||
r-oldrel-macos-x86_64 | 0.4 | 451.00 | OK | |||
r-oldrel-windows-x86_64 | 0.4 | 18.00 | 247.00 | 265.00 | OK |
Version: 0.4
Check: Rd cross-references
Result: NOTE
Found the following Rd file(s) with Rd \link{} targets missing package
anchors:
GetAleData.Rd: cforest, foreach, FeatureEffect, iml
GetInteractionStrength.Rd: cforest, vip
GetPartialData.Rd: cforest, partial, foreach, pdp
fastcforest.Rd: ForestControl-class, cforest_control, ptrafo,
cforest, RandomForest-class
fastvarImp.Rd: varImp, cforest
ggVarImp.Rd: varImp, varImpAUC
Please provide package anchors for all Rd \link{} targets not in the
package itself and the base packages.
Flavors: r-devel-linux-x86_64-debian-clang, r-devel-linux-x86_64-debian-gcc, r-devel-windows-x86_64