CRAN Package Check Results for Package momentchi2

Last updated on 2025-02-19 09:50:56 CET.

Flavor Version Tinstall Tcheck Ttotal Status Flags
r-devel-linux-x86_64-debian-clang 0.1.5 1.73 17.04 18.77 OK
r-devel-linux-x86_64-debian-gcc 0.1.5 1.40 13.81 15.21 OK
r-devel-linux-x86_64-fedora-clang 0.1.5 29.54 OK
r-devel-linux-x86_64-fedora-gcc 0.1.5 28.20 OK
r-devel-macos-arm64 0.1.5 14.00 OK
r-devel-macos-x86_64 0.1.5 21.00 OK
r-devel-windows-x86_64 0.1.5 4.00 41.00 45.00 OK
r-patched-linux-x86_64 0.1.5 1.83 16.02 17.85 NOTE
r-release-linux-x86_64 0.1.5 1.49 16.28 17.77 NOTE
r-release-macos-arm64 0.1.5 14.00 NOTE
r-release-macos-x86_64 0.1.5 19.00 NOTE
r-release-windows-x86_64 0.1.5 3.00 35.00 38.00 NOTE
r-oldrel-macos-arm64 0.1.5 15.00 NOTE
r-oldrel-macos-x86_64 0.1.5 19.00 NOTE
r-oldrel-windows-x86_64 0.1.5 4.00 37.00 41.00 NOTE

Check Details

Version: 0.1.5
Check: LazyData
Result: NOTE 'LazyData' is specified without a 'data' directory Flavors: r-patched-linux-x86_64, r-release-linux-x86_64, r-release-macos-arm64, r-release-macos-x86_64, r-release-windows-x86_64, r-oldrel-macos-arm64, r-oldrel-macos-x86_64, r-oldrel-windows-x86_64