CRAN Package Check Results for Package mlf

Last updated on 2025-02-17 09:49:48 CET.

Flavor Version Tinstall Tcheck Ttotal Status Flags
r-devel-linux-x86_64-debian-clang 1.2.1 1.73 23.73 25.46 OK
r-devel-linux-x86_64-debian-gcc 1.2.1 1.56 17.80 19.36 OK
r-devel-linux-x86_64-fedora-clang 1.2.1 42.66 OK
r-devel-linux-x86_64-fedora-gcc 1.2.1 40.14 OK
r-devel-macos-arm64 1.2.1 16.00 OK
r-devel-macos-x86_64 1.2.1 28.00 OK
r-devel-windows-x86_64 1.2.1 3.00 45.00 48.00 OK
r-patched-linux-x86_64 1.2.1 2.09 22.59 24.68 NOTE
r-release-linux-x86_64 1.2.1 1.97 22.78 24.75 NOTE
r-release-macos-arm64 1.2.1 16.00 NOTE
r-release-macos-x86_64 1.2.1 23.00 NOTE
r-release-windows-x86_64 1.2.1 4.00 44.00 48.00 NOTE
r-oldrel-macos-arm64 1.2.1 17.00 NOTE
r-oldrel-macos-x86_64 1.2.1 23.00 NOTE
r-oldrel-windows-x86_64 1.2.1 4.00 47.00 51.00 NOTE

Check Details

Version: 1.2.1
Check: LazyData
Result: NOTE 'LazyData' is specified without a 'data' directory Flavors: r-patched-linux-x86_64, r-release-linux-x86_64, r-release-macos-arm64, r-release-macos-x86_64, r-release-windows-x86_64, r-oldrel-macos-arm64, r-oldrel-macos-x86_64, r-oldrel-windows-x86_64