Last updated on 2025-02-20 09:50:56 CET.
Flavor | Version | Tinstall | Tcheck | Ttotal | Status | Flags |
---|---|---|---|---|---|---|
r-devel-linux-x86_64-debian-clang | 2.1.1 | 82.98 | 38.79 | 121.77 | OK | |
r-devel-linux-x86_64-debian-gcc | 2.1.1 | 53.49 | 27.72 | 81.21 | OK | |
r-devel-linux-x86_64-fedora-clang | 2.1.1 | 189.55 | OK | |||
r-devel-linux-x86_64-fedora-gcc | 2.1.1 | 198.49 | OK | |||
r-devel-macos-arm64 | 2.1.1 | 53.00 | OK | |||
r-devel-macos-x86_64 | 2.1.1 | 119.00 | OK | |||
r-devel-windows-x86_64 | 2.1.1 | 66.00 | 90.00 | 156.00 | OK | |
r-patched-linux-x86_64 | 2.1.1 | 73.98 | 35.81 | 109.79 | OK | |
r-release-linux-x86_64 | 2.1.1 | 69.37 | 35.67 | 105.04 | OK | |
r-release-macos-arm64 | 2.1.1 | 54.00 | NOTE | |||
r-release-macos-x86_64 | 2.1.1 | 80.00 | NOTE | |||
r-release-windows-x86_64 | 2.1.1 | 67.00 | 84.00 | 151.00 | OK | |
r-oldrel-macos-arm64 | 2.1.1 | 63.00 | NOTE | |||
r-oldrel-macos-x86_64 | 2.1.1 | 176.00 | NOTE | |||
r-oldrel-windows-x86_64 | 2.1.1 | 81.00 | 93.00 | 174.00 | OK |
Version: 2.1.1
Check: installed package size
Result: NOTE
installed size is 11.9Mb
sub-directories of 1Mb or more:
libs 11.6Mb
Flavors: r-release-macos-arm64, r-release-macos-x86_64, r-oldrel-macos-arm64, r-oldrel-macos-x86_64