CRAN Package Check Results for Package mineCitrus

Last updated on 2025-07-12 09:49:23 CEST.

Flavor Version Tinstall Tcheck Ttotal Status Flags
r-devel-linux-x86_64-debian-clang 1.0.0 5.83 51.69 57.52 NOTE
r-devel-linux-x86_64-debian-gcc 1.0.0 3.95 37.45 41.40 NOTE
r-devel-linux-x86_64-fedora-clang 1.0.0 91.87 OK
r-devel-linux-x86_64-fedora-gcc 1.0.0 85.85 OK
r-devel-windows-x86_64 1.0.0 7.00 71.00 78.00 OK
r-patched-linux-x86_64 1.0.0 5.98 48.31 54.29 OK
r-release-linux-x86_64 1.0.0 4.39 47.74 52.13 OK
r-release-macos-arm64 1.0.0 40.00 OK
r-release-macos-x86_64 1.0.0 40.00 OK
r-release-windows-x86_64 1.0.0 8.00 68.00 76.00 OK
r-oldrel-macos-arm64 1.0.0 29.00 NOTE
r-oldrel-macos-x86_64 1.0.0 38.00 NOTE
r-oldrel-windows-x86_64 1.0.0 10.00 83.00 93.00 OK

Check Details

Version: 1.0.0
Check: CRAN incoming feasibility
Result: NOTE Maintainer: ‘Allison Throm <throm@wustl.edu>’ No Authors@R field in DESCRIPTION. Please add one, modifying Authors@R: person(given = "Allison", family = "Throm", role = c("aut", "cre"), email = "throm@wustl.edu") as necessary. Flavors: r-devel-linux-x86_64-debian-clang, r-devel-linux-x86_64-debian-gcc

Version: 1.0.0
Check: installed package size
Result: NOTE installed size is 5.6Mb sub-directories of 1Mb or more: data 5.5Mb Flavors: r-oldrel-macos-arm64, r-oldrel-macos-x86_64