Last updated on 2025-02-17 09:49:48 CET.
Flavor | Version | Tinstall | Tcheck | Ttotal | Status | Flags |
---|---|---|---|---|---|---|
r-devel-linux-x86_64-debian-clang | 1.4.5 | 9.39 | 92.49 | 101.88 | NOTE | |
r-devel-linux-x86_64-debian-gcc | 1.4.5 | 5.73 | 63.24 | 68.97 | NOTE | |
r-devel-linux-x86_64-fedora-clang | 1.4.5 | 160.72 | NOTE | |||
r-devel-linux-x86_64-fedora-gcc | 1.4.5 | 162.32 | NOTE | |||
r-devel-macos-arm64 | 1.4.5 | 45.00 | OK | |||
r-devel-macos-x86_64 | 1.4.5 | 93.00 | NOTE | |||
r-devel-windows-x86_64 | 1.4.5 | 10.00 | 100.00 | 110.00 | NOTE | |
r-patched-linux-x86_64 | 1.4.5 | 8.93 | 85.01 | 93.94 | OK | |
r-release-linux-x86_64 | 1.4.5 | 6.54 | 86.56 | 93.10 | OK | |
r-release-macos-arm64 | 1.4.5 | 43.00 | OK | |||
r-release-macos-x86_64 | 1.4.5 | 88.00 | OK | |||
r-release-windows-x86_64 | 1.4.5 | 10.00 | 102.00 | 112.00 | OK | |
r-oldrel-macos-arm64 | 1.4.5 | 46.00 | OK | |||
r-oldrel-macos-x86_64 | 1.4.5 | 85.00 | OK | |||
r-oldrel-windows-x86_64 | 1.4.5 | 13.00 | 137.00 | 150.00 | OK |
Version: 1.4.5
Check: DESCRIPTION meta-information
Result: NOTE
Missing dependency on R >= 4.1.0 because package code uses the pipe
|> or function shorthand \(...) syntax added in R 4.1.0.
File(s) using such syntax:
‘model_tests.R’
Flavors: r-devel-linux-x86_64-debian-clang, r-devel-linux-x86_64-debian-gcc, r-devel-linux-x86_64-fedora-clang, r-devel-linux-x86_64-fedora-gcc, r-devel-macos-x86_64, r-devel-windows-x86_64