Last updated on 2025-02-19 09:50:56 CET.
Flavor | Version | Tinstall | Tcheck | Ttotal | Status | Flags |
---|---|---|---|---|---|---|
r-devel-linux-x86_64-debian-clang | 3.1.1 | 5.70 | 36.93 | 42.63 | OK | |
r-devel-linux-x86_64-debian-gcc | 3.1.1 | 4.12 | 28.35 | 32.47 | OK | |
r-devel-linux-x86_64-fedora-clang | 3.1.1 | 70.36 | OK | |||
r-devel-linux-x86_64-fedora-gcc | 3.1.1 | 71.64 | OK | |||
r-devel-macos-arm64 | 3.1.1 | 35.00 | OK | |||
r-devel-macos-x86_64 | 3.1.1 | 125.00 | OK | |||
r-devel-windows-x86_64 | 3.1.1 | 5.00 | 52.00 | 57.00 | OK | |
r-patched-linux-x86_64 | 3.1.1 | 5.37 | 35.62 | 40.99 | NOTE | |
r-release-linux-x86_64 | 3.1.1 | 5.37 | 35.43 | 40.80 | NOTE | |
r-release-macos-arm64 | 3.1.1 | 34.00 | NOTE | |||
r-release-macos-x86_64 | 3.1.1 | 76.00 | NOTE | |||
r-release-windows-x86_64 | 3.1.1 | 5.00 | 53.00 | 58.00 | NOTE | |
r-oldrel-macos-arm64 | 3.1.1 | 24.00 | NOTE | |||
r-oldrel-macos-x86_64 | 3.1.1 | 39.00 | NOTE | |||
r-oldrel-windows-x86_64 | 3.1.1 | 6.00 | 62.00 | 68.00 | NOTE |
Version: 3.1.1
Check: LazyData
Result: NOTE
'LazyData' is specified without a 'data' directory
Flavors: r-patched-linux-x86_64, r-release-linux-x86_64, r-release-macos-arm64, r-release-macos-x86_64, r-release-windows-x86_64, r-oldrel-macos-arm64, r-oldrel-macos-x86_64, r-oldrel-windows-x86_64