CRAN Package Check Results for Package mfp

Last updated on 2025-02-19 09:50:56 CET.

Flavor Version Tinstall Tcheck Ttotal Status Flags
r-devel-linux-x86_64-debian-clang 1.5.4.1 7.94 65.11 73.05 NOTE
r-devel-linux-x86_64-debian-gcc 1.5.4.1 5.78 49.73 55.51 NOTE
r-devel-linux-x86_64-fedora-clang 1.5.4.1 114.18 NOTE
r-devel-linux-x86_64-fedora-gcc 1.5.4.1 131.70 NOTE
r-devel-macos-arm64 1.5.4.1 44.00 OK
r-devel-macos-x86_64 1.5.4.1 80.00 NOTE
r-devel-windows-x86_64 1.5.4.1 8.00 75.00 83.00 NOTE
r-patched-linux-x86_64 1.5.4.1 7.57 61.20 68.77 OK
r-release-linux-x86_64 1.5.4.1 6.98 61.33 68.31 OK
r-release-macos-arm64 1.5.4.1 43.00 OK
r-release-macos-x86_64 1.5.4.1 60.00 OK
r-release-windows-x86_64 1.5.4.1 8.00 75.00 83.00 OK
r-oldrel-macos-arm64 1.5.4.1 43.00 OK
r-oldrel-macos-x86_64 1.5.4.1 122.00 OK
r-oldrel-windows-x86_64 1.5.4.1 10.00 94.00 104.00 OK

Check Details

Version: 1.5.4.1
Check: DESCRIPTION meta-information
Result: NOTE Missing dependency on R >= 4.1.0 because package code uses the pipe |> or function shorthand \(...) syntax added in R 4.1.0. File(s) using such syntax: ‘predict.mfp.R’ Flavors: r-devel-linux-x86_64-debian-clang, r-devel-linux-x86_64-debian-gcc, r-devel-linux-x86_64-fedora-clang, r-devel-linux-x86_64-fedora-gcc, r-devel-macos-x86_64, r-devel-windows-x86_64

Version: 1.5.4.1
Check: Rd cross-references
Result: NOTE Found the following Rd file(s) with Rd \link{} targets missing package anchors: predict.mfp.Rd: predict.coxph Please provide package anchors for all Rd \link{} targets not in the package itself and the base packages. Flavors: r-devel-linux-x86_64-debian-clang, r-devel-linux-x86_64-debian-gcc, r-devel-windows-x86_64