Last updated on 2025-02-17 09:49:47 CET.
Flavor | Version | Tinstall | Tcheck | Ttotal | Status | Flags |
---|---|---|---|---|---|---|
r-devel-linux-x86_64-debian-clang | 2.0-3 | 47.35 | 388.64 | 435.99 | NOTE | |
r-devel-linux-x86_64-debian-gcc | 2.0-3 | 30.96 | 258.45 | 289.41 | NOTE | |
r-devel-linux-x86_64-fedora-clang | 2.0-3 | 762.97 | OK | |||
r-devel-linux-x86_64-fedora-gcc | 2.0-3 | 728.48 | OK | |||
r-devel-macos-arm64 | 2.0-3 | 158.00 | OK | |||
r-devel-macos-x86_64 | 2.0-3 | 351.00 | OK | |||
r-devel-windows-x86_64 | 2.0-3 | 41.00 | 319.00 | 360.00 | OK | |
r-patched-linux-x86_64 | 2.0-3 | 42.91 | 359.45 | 402.36 | OK | |
r-release-linux-x86_64 | 2.0-3 | 40.10 | 361.85 | 401.95 | OK | |
r-release-macos-arm64 | 2.0-3 | 86.00 | OK | |||
r-release-macos-x86_64 | 2.0-3 | 258.00 | OK | |||
r-release-windows-x86_64 | 2.0-3 | 40.00 | 302.00 | 342.00 | OK | |
r-oldrel-macos-arm64 | 2.0-3 | 98.00 | OK | |||
r-oldrel-macos-x86_64 | 2.0-3 | 418.00 | OK | |||
r-oldrel-windows-x86_64 | 2.0-3 | 60.00 | 466.00 | 526.00 | OK |
Version: 2.0-3
Check: for unstated dependencies in ‘demo’
Result: NOTE
'library' or 'require' call not declared from: ‘xts’
Flavors: r-devel-linux-x86_64-debian-clang, r-devel-linux-x86_64-debian-gcc