CRAN Package Check Results for Package measuRing

Last updated on 2025-02-19 09:50:55 CET.

Flavor Version Tinstall Tcheck Ttotal Status Flags
r-devel-linux-x86_64-debian-clang 0.5 11.55 90.34 101.89 NOTE
r-devel-linux-x86_64-debian-gcc 0.5 7.68 63.91 71.59 NOTE
r-devel-linux-x86_64-fedora-clang 0.5 158.91 OK
r-devel-linux-x86_64-fedora-gcc 0.5 163.37 OK
r-devel-macos-arm64 0.5 42.00 OK
r-devel-macos-x86_64 0.5 80.00 OK
r-devel-windows-x86_64 0.5 11.00 108.00 119.00 NOTE
r-patched-linux-x86_64 0.5 14.40 83.61 98.01 NOTE
r-release-linux-x86_64 0.5 10.22 83.34 93.56 NOTE
r-release-macos-arm64 0.5 39.00 NOTE
r-release-macos-x86_64 0.5 63.00 NOTE
r-release-windows-x86_64 0.5 11.00 97.00 108.00 NOTE
r-oldrel-macos-arm64 0.5 50.00 NOTE
r-oldrel-macos-x86_64 0.5 75.00 NOTE
r-oldrel-windows-x86_64 0.5 15.00 152.00 167.00 NOTE

Check Details

Version: 0.5
Check: Rd cross-references
Result: NOTE Found the following Rd file(s) with Rd \link{} targets missing package anchors: crossRings.Rd: dplR, corr.rwl.seg, ccf.series.rwl, spag.plot Please provide package anchors for all Rd \link{} targets not in the package itself and the base packages. Flavors: r-devel-linux-x86_64-debian-clang, r-devel-linux-x86_64-debian-gcc, r-devel-windows-x86_64

Version: 0.5
Check: LazyData
Result: NOTE 'LazyData' is specified without a 'data' directory Flavors: r-patched-linux-x86_64, r-release-linux-x86_64, r-release-macos-arm64, r-release-macos-x86_64, r-release-windows-x86_64, r-oldrel-macos-arm64, r-oldrel-macos-x86_64, r-oldrel-windows-x86_64