CRAN Package Check Results for Package mdhglm

Last updated on 2025-07-12 09:49:23 CEST.

Flavor Version Tinstall Tcheck Ttotal Status Flags
r-devel-linux-x86_64-debian-clang 1.8 21.96 103.11 125.07 NOTE
r-devel-linux-x86_64-debian-gcc 1.8 13.70 70.91 84.61 NOTE
r-devel-linux-x86_64-fedora-clang 1.8 201.16 OK
r-devel-linux-x86_64-fedora-gcc 1.8 184.17 OK
r-devel-windows-x86_64 1.8 19.00 107.00 126.00 OK
r-patched-linux-x86_64 1.8 20.83 98.06 118.89 OK
r-release-linux-x86_64 1.8 19.88 98.07 117.95 OK
r-release-macos-arm64 1.8 57.00 OK
r-release-macos-x86_64 1.8 117.00 OK
r-release-windows-x86_64 1.8 20.00 182.00 202.00 OK
r-oldrel-macos-arm64 1.8 51.00 OK
r-oldrel-macos-x86_64 1.8 82.00 OK
r-oldrel-windows-x86_64 1.8 28.00 133.00 161.00 OK

Check Details

Version: 1.8
Check: CRAN incoming feasibility
Result: NOTE Maintainer: ‘Maengseok Noh <msnoh@pknu.ac.kr>’ No Authors@R field in DESCRIPTION. Please add one, modifying Authors@R: c(person(given = "Youngjo", family = "Lee", role = "aut"), person(given = "Marek", family = "Molas", role = "aut"), person(given = "Maengseok", family = "Noh", role = c("aut", "cre"), email = "msnoh@pknu.ac.kr")) as necessary. Flavors: r-devel-linux-x86_64-debian-clang, r-devel-linux-x86_64-debian-gcc