Last updated on 2025-02-17 09:49:45 CET.
Flavor | Version | Tinstall | Tcheck | Ttotal | Status | Flags |
---|---|---|---|---|---|---|
r-devel-linux-x86_64-debian-clang | 0.4.8 | 3.11 | 77.56 | 80.67 | NOTE | |
r-devel-linux-x86_64-debian-gcc | 0.4.8 | 2.65 | 56.93 | 59.58 | NOTE | |
r-devel-linux-x86_64-fedora-clang | 0.4.8 | 131.84 | NOTE | |||
r-devel-linux-x86_64-fedora-gcc | 0.4.8 | 149.64 | NOTE | |||
r-devel-macos-arm64 | 0.4.8 | 47.00 | OK | |||
r-devel-macos-x86_64 | 0.4.8 | 101.00 | NOTE | |||
r-devel-windows-x86_64 | 0.4.8 | 4.00 | 88.00 | 92.00 | NOTE | |
r-patched-linux-x86_64 | 0.4.8 | 4.03 | 72.82 | 76.85 | OK | |
r-release-linux-x86_64 | 0.4.8 | 3.29 | 71.70 | 74.99 | OK | |
r-release-macos-arm64 | 0.4.8 | 46.00 | OK | |||
r-release-macos-x86_64 | 0.4.8 | 68.00 | OK | |||
r-release-windows-x86_64 | 0.4.8 | 6.00 | 86.00 | 92.00 | OK | |
r-oldrel-macos-arm64 | 0.4.8 | 59.00 | OK | |||
r-oldrel-macos-x86_64 | 0.4.8 | 117.00 | OK | |||
r-oldrel-windows-x86_64 | 0.4.8 | 6.00 | 99.00 | 105.00 | OK |
Version: 0.4.8
Check: DESCRIPTION meta-information
Result: NOTE
Missing dependency on R >= 4.1.0 because package code uses the pipe
|> or function shorthand \(...) syntax added in R 4.1.0.
File(s) using such syntax:
‘matsindf_apply.R’ ‘utilities.R’
Flavors: r-devel-linux-x86_64-debian-clang, r-devel-linux-x86_64-debian-gcc, r-devel-linux-x86_64-fedora-clang, r-devel-linux-x86_64-fedora-gcc, r-devel-macos-x86_64, r-devel-windows-x86_64