CRAN Package Check Results for Package maptpx

Last updated on 2025-07-12 09:49:23 CEST.

Flavor Version Tinstall Tcheck Ttotal Status Flags
r-devel-linux-x86_64-debian-clang 1.9-7 4.76 24.26 29.02 NOTE
r-devel-linux-x86_64-debian-gcc 1.9-7 3.43 19.88 23.31 NOTE
r-devel-linux-x86_64-fedora-clang 1.9-7 45.33 OK
r-devel-linux-x86_64-fedora-gcc 1.9-7 43.23 OK
r-devel-windows-x86_64 1.9-7 8.00 54.00 62.00 OK
r-patched-linux-x86_64 1.9-7 4.33 23.17 27.50 OK
r-release-linux-x86_64 1.9-7 3.99 22.99 26.98 OK
r-release-macos-arm64 1.9-7 37.00 OK
r-release-macos-x86_64 1.9-7 44.00 OK
r-release-windows-x86_64 1.9-7 9.00 141.00 150.00 OK
r-oldrel-macos-arm64 1.9-7 29.00 OK
r-oldrel-macos-x86_64 1.9-7 28.00 OK
r-oldrel-windows-x86_64 1.9-7 8.00 54.00 62.00 OK

Check Details

Version: 1.9-7
Check: CRAN incoming feasibility
Result: NOTE Maintainer: ‘Matt Taddy <mataddy@gmail.com>’ No Authors@R field in DESCRIPTION. Please add one, modifying Authors@R: person(given = "Matt", family = "Taddy", role = c("aut", "cre"), email = "mataddy@gmail.com") as necessary. Package CITATION file contains call(s) to old-style personList() or as.personList(). Please use c() on person objects instead. Package CITATION file contains call(s) to old-style citEntry(). Please use bibentry() instead. Flavors: r-devel-linux-x86_64-debian-clang, r-devel-linux-x86_64-debian-gcc