Last updated on 2025-02-17 09:49:45 CET.
Flavor | Version | Tinstall | Tcheck | Ttotal | Status | Flags |
---|---|---|---|---|---|---|
r-devel-linux-x86_64-debian-clang | 0.4.1 | 142.47 | 297.33 | 439.80 | OK | |
r-devel-linux-x86_64-debian-gcc | 0.4.1 | 103.67 | 207.73 | 311.40 | OK | |
r-devel-linux-x86_64-fedora-clang | 0.4.1 | 657.77 | OK | |||
r-devel-linux-x86_64-fedora-gcc | 0.4.1 | 809.75 | OK | |||
r-devel-macos-arm64 | 0.4.1 | 326.00 | OK | |||
r-devel-macos-x86_64 | 0.4.1 | 360.00 | OK | |||
r-devel-windows-x86_64 | 0.4.1 | 143.00 | 302.00 | 445.00 | OK | |
r-patched-linux-x86_64 | 0.4.1 | 139.87 | 274.89 | 414.76 | NOTE | |
r-release-linux-x86_64 | 0.4.1 | 137.50 | 276.00 | 413.50 | NOTE | |
r-release-macos-arm64 | 0.4.1 | 40.00 | ERROR | |||
r-release-macos-x86_64 | 0.4.1 | 198.00 | NOTE | |||
r-release-windows-x86_64 | 0.4.1 | 137.00 | 301.00 | 438.00 | NOTE | |
r-oldrel-macos-arm64 | 0.4.1 | 110.00 | NOTE | |||
r-oldrel-macos-x86_64 | 0.4.1 | 168.00 | NOTE | |||
r-oldrel-windows-x86_64 | 0.4.1 | 159.00 | 356.00 | 515.00 | NOTE |
Version: 0.4.1
Check: for GNU extensions in Makefiles
Result: NOTE
GNU make is a SystemRequirements.
Flavors: r-patched-linux-x86_64, r-release-linux-x86_64, r-release-macos-x86_64, r-release-windows-x86_64, r-oldrel-macos-arm64, r-oldrel-macos-x86_64, r-oldrel-windows-x86_64
Version: 0.4.1
Check: whether package can be installed
Result: ERROR
Installation failed.
Flavor: r-release-macos-arm64
Version: 0.4.1
Check: installed package size
Result: NOTE
installed size is 12.5Mb
sub-directories of 1Mb or more:
R 2.8Mb
data 3.0Mb
libs 4.8Mb
Flavors: r-release-macos-x86_64, r-release-windows-x86_64, r-oldrel-macos-arm64, r-oldrel-macos-x86_64, r-oldrel-windows-x86_64