CRAN Package Check Results for Package lsa

Last updated on 2025-02-19 09:50:53 CET.

Flavor Version Tinstall Tcheck Ttotal Status Flags
r-devel-linux-x86_64-debian-clang 0.73.3 2.68 30.79 33.47 NOTE
r-devel-linux-x86_64-debian-gcc 0.73.3 2.07 27.34 29.41 NOTE
r-devel-linux-x86_64-fedora-clang 0.73.3 52.08 NOTE
r-devel-linux-x86_64-fedora-gcc 0.73.3 51.40 NOTE
r-devel-macos-arm64 0.73.3 21.00 NOTE
r-devel-macos-x86_64 0.73.3 34.00 NOTE
r-devel-windows-x86_64 0.73.3 4.00 56.00 60.00 NOTE
r-patched-linux-x86_64 0.73.3 3.16 30.20 33.36 NOTE
r-release-linux-x86_64 0.73.3 2.28 29.92 32.20 NOTE
r-release-macos-arm64 0.73.3 25.00 NOTE
r-release-macos-x86_64 0.73.3 28.00 NOTE
r-release-windows-x86_64 0.73.3 4.00 55.00 59.00 NOTE
r-oldrel-macos-arm64 0.73.3 28.00 NOTE
r-oldrel-macos-x86_64 0.73.3 32.00 NOTE
r-oldrel-windows-x86_64 0.73.3 4.00 65.00 69.00 NOTE

Check Details

Version: 0.73.3
Check: Rd files
Result: NOTE checkRd: (-1) specialchars.Rd:6: Escaped LaTeX specials: \& Flavors: r-devel-linux-x86_64-debian-clang, r-devel-linux-x86_64-debian-gcc, r-devel-linux-x86_64-fedora-clang, r-devel-linux-x86_64-fedora-gcc, r-devel-macos-arm64, r-devel-macos-x86_64, r-devel-windows-x86_64, r-patched-linux-x86_64, r-release-linux-x86_64, r-release-macos-arm64, r-release-macos-x86_64, r-release-windows-x86_64, r-oldrel-macos-arm64, r-oldrel-macos-x86_64, r-oldrel-windows-x86_64