Last updated on 2025-02-20 09:50:53 CET.
Flavor | Version | Tinstall | Tcheck | Ttotal | Status | Flags |
---|---|---|---|---|---|---|
r-devel-linux-x86_64-debian-clang | 0.1.0 | 3.17 | 42.69 | 45.86 | OK | |
r-devel-linux-x86_64-debian-gcc | 0.1.0 | 2.11 | 32.15 | 34.26 | OK | |
r-devel-linux-x86_64-fedora-clang | 0.1.0 | 73.34 | NOTE | |||
r-devel-linux-x86_64-fedora-gcc | 0.1.0 | 86.02 | NOTE | |||
r-devel-macos-arm64 | 0.1.0 | 35.00 | OK | |||
r-devel-macos-x86_64 | 0.1.0 | 59.00 | OK | |||
r-devel-windows-x86_64 | 0.1.0 | 4.00 | 70.00 | 74.00 | OK | |
r-patched-linux-x86_64 | 0.1.0 | 2.15 | 40.67 | 42.82 | OK | |
r-release-linux-x86_64 | 0.1.0 | 2.90 | 40.69 | 43.59 | OK | |
r-release-macos-arm64 | 0.1.0 | 32.00 | OK | |||
r-release-macos-x86_64 | 0.1.0 | 47.00 | OK | |||
r-release-windows-x86_64 | 0.1.0 | 4.00 | 77.00 | 81.00 | OK | |
r-oldrel-macos-arm64 | 0.1.0 | 34.00 | OK | |||
r-oldrel-macos-x86_64 | 0.1.0 | 49.00 | OK | |||
r-oldrel-windows-x86_64 | 0.1.0 | 5.00 | 68.00 | 73.00 | OK |
Version: 0.1.0
Check: dependencies in R code
Result: NOTE
Namespace in Imports field not imported from: ‘knitr’
All declared Imports should be used.
Flavors: r-devel-linux-x86_64-fedora-clang, r-devel-linux-x86_64-fedora-gcc