Last updated on 2025-02-20 09:50:52 CET.
Flavor | Version | Tinstall | Tcheck | Ttotal | Status | Flags |
---|---|---|---|---|---|---|
r-devel-linux-x86_64-debian-clang | 0.1.0 | 33.05 | 121.40 | 154.45 | OK | |
r-devel-linux-x86_64-debian-gcc | 0.1.0 | 22.32 | 84.81 | 107.13 | OK | |
r-devel-linux-x86_64-fedora-clang | 0.1.0 | 239.71 | NOTE | |||
r-devel-linux-x86_64-fedora-gcc | 0.1.0 | 230.07 | NOTE | |||
r-devel-macos-arm64 | 0.1.0 | 62.00 | OK | |||
r-devel-macos-x86_64 | 0.1.0 | 116.00 | OK | |||
r-devel-windows-x86_64 | 0.1.0 | 29.00 | 127.00 | 156.00 | OK | |
r-patched-linux-x86_64 | 0.1.0 | 25.25 | 113.66 | 138.91 | OK | |
r-release-linux-x86_64 | 0.1.0 | 29.30 | 112.16 | 141.46 | OK | |
r-release-macos-arm64 | 0.1.0 | 61.00 | OK | |||
r-release-macos-x86_64 | 0.1.0 | 90.00 | OK | |||
r-release-windows-x86_64 | 0.1.0 | 30.00 | 126.00 | 156.00 | OK | |
r-oldrel-macos-arm64 | 0.1.0 | 68.00 | OK | |||
r-oldrel-macos-x86_64 | 0.1.0 | 113.00 | OK | |||
r-oldrel-windows-x86_64 | 0.1.0 | 41.00 | 152.00 | 193.00 | OK |
Version: 0.1.0
Check: dependencies in R code
Result: NOTE
Namespace in Imports field not imported from: ‘R6’
All declared Imports should be used.
Flavors: r-devel-linux-x86_64-fedora-clang, r-devel-linux-x86_64-fedora-gcc