CRAN Package Check Results for Package lacm

Last updated on 2025-02-20 09:50:52 CET.

Flavor Version Tinstall Tcheck Ttotal Status Flags
r-devel-linux-x86_64-debian-clang 0.1.1 2.48 20.28 22.76 NOTE
r-devel-linux-x86_64-debian-gcc 0.1.1 2.01 16.26 18.27 NOTE
r-devel-linux-x86_64-fedora-clang 0.1.1 35.79 OK
r-devel-linux-x86_64-fedora-gcc 0.1.1 33.93 OK
r-devel-macos-arm64 0.1.1 17.00 OK
r-devel-macos-x86_64 0.1.1 26.00 OK
r-devel-windows-x86_64 0.1.1 4.00 53.00 57.00 NOTE
r-patched-linux-x86_64 0.1.1 3.61 19.45 23.06 OK
r-release-linux-x86_64 0.1.1 2.46 19.57 22.03 OK
r-release-macos-arm64 0.1.1 18.00 OK
r-release-macos-x86_64 0.1.1 23.00 OK
r-release-windows-x86_64 0.1.1 5.00 45.00 50.00 OK
r-oldrel-macos-arm64 0.1.1 17.00 OK
r-oldrel-macos-x86_64 0.1.1 22.00 OK
r-oldrel-windows-x86_64 0.1.1 5.00 50.00 55.00 OK

Check Details

Version: 0.1.1
Check: Rd cross-references
Result: NOTE Found the following Rd file(s) with Rd \link{} targets missing package anchors: lacm.Rd: gauss.quad Please provide package anchors for all Rd \link{} targets not in the package itself and the base packages. Flavors: r-devel-linux-x86_64-debian-clang, r-devel-linux-x86_64-debian-gcc, r-devel-windows-x86_64