Last updated on 2025-02-19 09:50:52 CET.
Flavor | Version | Tinstall | Tcheck | Ttotal | Status | Flags |
---|---|---|---|---|---|---|
r-devel-linux-x86_64-debian-clang | 1.0.2 | 19.69 | 143.39 | 163.08 | OK | |
r-devel-linux-x86_64-debian-gcc | 1.0.2 | 11.55 | 99.67 | 111.22 | OK | |
r-devel-linux-x86_64-fedora-clang | 1.0.2 | 257.34 | ERROR | |||
r-devel-linux-x86_64-fedora-gcc | 1.0.2 | 256.14 | ERROR | |||
r-devel-macos-arm64 | 1.0.2 | 74.00 | OK | |||
r-devel-macos-x86_64 | 1.0.2 | 150.00 | OK | |||
r-devel-windows-x86_64 | 1.0.2 | 17.00 | 141.00 | 158.00 | OK | |
r-patched-linux-x86_64 | 1.0.2 | 18.69 | 134.60 | 153.29 | OK | |
r-release-linux-x86_64 | 1.0.2 | 17.09 | 133.54 | 150.63 | OK | |
r-release-macos-arm64 | 1.0.2 | 71.00 | OK | |||
r-release-macos-x86_64 | 1.0.2 | 126.00 | OK | |||
r-release-windows-x86_64 | 1.0.2 | 18.00 | 135.00 | 153.00 | OK | |
r-oldrel-macos-arm64 | 1.0.2 | 81.00 | OK | |||
r-oldrel-macos-x86_64 | 1.0.2 | 125.00 | OK | |||
r-oldrel-windows-x86_64 | 1.0.2 | 25.00 | 172.00 | 197.00 | OK |
Version: 1.0.2
Check: tests
Result: ERROR
Running ‘testthat.R’ [30s/41s]
Running the tests in ‘tests/testthat.R’ failed.
Complete output:
> library(testthat)
> library(konfound)
Sensitivity analysis as described in Frank,
Maroulis, Duong, and Kelcey (2013) and in
Frank (2000).
For more information visit http://konfound-it.com.
>
> test_check("konfound")
Dependent variable is mpg
Dependent variable is wt
Using the absolute value of the estimated effect,
results can be interpreted by symmetry.
Using the absolute value of the estimated effect,
results can be interpreted by symmetry.
Using the absolute value of the estimated effect,
results can be interpreted by symmetry.
[ FAIL 1 | WARN 6 | SKIP 0 | PASS 181 ]
══ Failed tests ════════════════════════════════════════════════════════════════
── Failure ('test-konfound.R:15:5'): konfound works for lme4 model ─────────────
output3$RIR_perc not equal to 84.826.
1/1 mismatches
[1] 84.3 - 84.8 == -0.517
[ FAIL 1 | WARN 6 | SKIP 0 | PASS 181 ]
Error: Test failures
Execution halted
Flavor: r-devel-linux-x86_64-fedora-clang
Version: 1.0.2
Check: tests
Result: ERROR
Running ‘testthat.R’ [28s/34s]
Running the tests in ‘tests/testthat.R’ failed.
Complete output:
> library(testthat)
> library(konfound)
Sensitivity analysis as described in Frank,
Maroulis, Duong, and Kelcey (2013) and in
Frank (2000).
For more information visit http://konfound-it.com.
>
> test_check("konfound")
Dependent variable is mpg
Dependent variable is wt
Using the absolute value of the estimated effect,
results can be interpreted by symmetry.
Using the absolute value of the estimated effect,
results can be interpreted by symmetry.
Using the absolute value of the estimated effect,
results can be interpreted by symmetry.
[ FAIL 1 | WARN 6 | SKIP 0 | PASS 181 ]
══ Failed tests ════════════════════════════════════════════════════════════════
── Failure ('test-konfound.R:15:5'): konfound works for lme4 model ─────────────
output3$RIR_perc not equal to 84.826.
1/1 mismatches
[1] 84.3 - 84.8 == -0.517
[ FAIL 1 | WARN 6 | SKIP 0 | PASS 181 ]
Error: Test failures
Execution halted
Flavor: r-devel-linux-x86_64-fedora-gcc