Last updated on 2025-02-19 09:50:52 CET.
Flavor | Version | Tinstall | Tcheck | Ttotal | Status | Flags |
---|---|---|---|---|---|---|
r-devel-linux-x86_64-debian-clang | 0.1.1 | 9.02 | 57.97 | 66.99 | NOTE | |
r-devel-linux-x86_64-debian-gcc | 0.1.1 | 0.61 | 1.69 | 2.30 | ERROR | |
r-devel-linux-x86_64-fedora-clang | 0.1.1 | 105.89 | NOTE | |||
r-devel-linux-x86_64-fedora-gcc | 0.1.1 | 116.23 | NOTE | |||
r-devel-macos-arm64 | 0.1.1 | 46.00 | OK | |||
r-devel-macos-x86_64 | 0.1.1 | 78.00 | OK | |||
r-devel-windows-x86_64 | 0.1.1 | 10.00 | 85.00 | 95.00 | NOTE | |
r-patched-linux-x86_64 | 0.1.1 | 16.38 | 54.99 | 71.37 | NOTE | |
r-release-linux-x86_64 | 0.1.1 | 8.57 | 54.05 | 62.62 | NOTE | |
r-release-macos-arm64 | 0.1.1 | 38.00 | NOTE | |||
r-release-macos-x86_64 | 0.1.1 | 58.00 | NOTE | |||
r-release-windows-x86_64 | 0.1.1 | 10.00 | 83.00 | 93.00 | NOTE | |
r-oldrel-macos-arm64 | 0.1.1 | 50.00 | NOTE | |||
r-oldrel-macos-x86_64 | 0.1.1 | 56.00 | NOTE | |||
r-oldrel-windows-x86_64 | 0.1.1 | 14.00 | 88.00 | 102.00 | NOTE |
Version: 0.1.1
Check: Rd cross-references
Result: NOTE
Found the following Rd file(s) with Rd \link{} targets missing package
anchors:
kibior.Rd: R6Class, count
Please provide package anchors for all Rd \link{} targets not in the
package itself and the base packages.
Flavors: r-devel-linux-x86_64-debian-clang, r-devel-windows-x86_64
Version: 0.1.1
Check: package dependencies
Result: ERROR
Package required but not available: ‘rtracklayer’
See section ‘The DESCRIPTION file’ in the ‘Writing R Extensions’
manual.
Flavor: r-devel-linux-x86_64-debian-gcc
Version: 0.1.1
Check: dependencies in R code
Result: NOTE
Namespaces in Imports field not imported from:
‘Biostrings’ ‘Rsamtools’ ‘rtracklayer’
All declared Imports should be used.
Flavors: r-devel-linux-x86_64-fedora-clang, r-devel-linux-x86_64-fedora-gcc
Version: 0.1.1
Check: LazyData
Result: NOTE
'LazyData' is specified without a 'data' directory
Flavors: r-patched-linux-x86_64, r-release-linux-x86_64, r-release-macos-arm64, r-release-macos-x86_64, r-release-windows-x86_64, r-oldrel-macos-arm64, r-oldrel-macos-x86_64, r-oldrel-windows-x86_64
Version: 0.1.1
Check: installed package size
Result: NOTE
installed size is 5.0Mb
sub-directories of 1Mb or more:
doc 3.2Mb
extdata 1.2Mb
Flavors: r-release-macos-arm64, r-release-macos-x86_64, r-oldrel-macos-x86_64