Last updated on 2025-02-19 09:50:52 CET.
Flavor | Version | Tinstall | Tcheck | Ttotal | Status | Flags |
---|---|---|---|---|---|---|
r-devel-linux-x86_64-debian-clang | 0.5.2 | 134.11 | 184.04 | 318.15 | NOTE | |
r-devel-linux-x86_64-debian-gcc | 0.5.2 | 107.25 | 125.05 | 232.30 | NOTE | |
r-devel-linux-x86_64-fedora-clang | 0.5.2 | 606.79 | OK | |||
r-devel-linux-x86_64-fedora-gcc | 0.5.2 | 598.58 | OK | |||
r-devel-macos-arm64 | 0.5.2 | 133.00 | OK | |||
r-devel-macos-x86_64 | 0.5.2 | 214.00 | OK | |||
r-devel-windows-x86_64 | 0.5.2 | 153.00 | 201.00 | 354.00 | NOTE | |
r-patched-linux-x86_64 | 0.5.2 | 149.01 | 176.65 | 325.66 | OK | |
r-release-linux-x86_64 | 0.5.2 | 146.68 | 179.57 | 326.25 | OK | |
r-release-macos-arm64 | 0.5.2 | 154.00 | NOTE | |||
r-release-macos-x86_64 | 0.5.2 | 166.00 | NOTE | |||
r-release-windows-x86_64 | 0.5.2 | 158.00 | 201.00 | 359.00 | OK | |
r-oldrel-macos-arm64 | 0.5.2 | 169.00 | NOTE | |||
r-oldrel-macos-x86_64 | 0.5.2 | 240.00 | NOTE | |||
r-oldrel-windows-x86_64 | 0.5.2 | 187.00 | 256.00 | 443.00 | OK |
Version: 0.5.2
Check: Rd cross-references
Result: NOTE
Found the following Rd file(s) with Rd \link{} targets missing package
anchors:
read_keywords.Rd: dictionary
Please provide package anchors for all Rd \link{} targets not in the
package itself and the base packages.
Flavors: r-devel-linux-x86_64-debian-clang, r-devel-linux-x86_64-debian-gcc, r-devel-windows-x86_64
Version: 0.5.2
Check: installed package size
Result: NOTE
installed size is 11.6Mb
sub-directories of 1Mb or more:
libs 11.1Mb
Flavors: r-release-macos-arm64, r-release-macos-x86_64, r-oldrel-macos-arm64, r-oldrel-macos-x86_64