Last updated on 2025-02-17 09:49:44 CET.
Flavor | Version | Tinstall | Tcheck | Ttotal | Status | Flags |
---|---|---|---|---|---|---|
r-devel-linux-x86_64-debian-clang | 1.6.1 | 42.59 | 217.99 | 260.58 | NOTE | |
r-devel-linux-x86_64-debian-gcc | 1.6.1 | 23.90 | 146.07 | 169.97 | NOTE | |
r-devel-linux-x86_64-fedora-clang | 1.6.1 | 435.26 | NOTE | |||
r-devel-linux-x86_64-fedora-gcc | 1.6.1 | 392.20 | NOTE | |||
r-devel-macos-arm64 | 1.6.1 | 109.00 | OK | |||
r-devel-macos-x86_64 | 1.6.1 | 214.00 | NOTE | |||
r-devel-windows-x86_64 | 1.6.1 | 37.00 | 212.00 | 249.00 | NOTE | |
r-patched-linux-x86_64 | 1.6.1 | 35.09 | 176.38 | 211.47 | OK | |
r-release-linux-x86_64 | 1.6.1 | 32.11 | 194.17 | 226.28 | OK | |
r-release-macos-arm64 | 1.6.1 | 76.00 | OK | |||
r-release-macos-x86_64 | 1.6.1 | 122.00 | OK | |||
r-release-windows-x86_64 | 1.6.1 | 37.00 | 219.00 | 256.00 | OK | |
r-oldrel-macos-arm64 | 1.6.1 | 85.00 | OK | |||
r-oldrel-macos-x86_64 | 1.6.1 | 173.00 | OK | |||
r-oldrel-windows-x86_64 | 1.6.1 | 49.00 | 257.00 | 306.00 | OK |
Version: 1.6.1
Check: DESCRIPTION meta-information
Result: NOTE
Missing dependency on R >= 4.1.0 because package code uses the pipe
|> or function shorthand \(...) syntax added in R 4.1.0.
File(s) using such syntax:
‘jsBasicGadget.R’ ‘jsPropensityGadget.R’ ‘jsRepeatedGadget.R’
‘jsSurveyGadget.R’
Flavors: r-devel-linux-x86_64-debian-clang, r-devel-linux-x86_64-debian-gcc, r-devel-linux-x86_64-fedora-clang, r-devel-linux-x86_64-fedora-gcc, r-devel-macos-x86_64, r-devel-windows-x86_64