Last updated on 2025-02-20 09:50:52 CET.
Flavor | Version | Tinstall | Tcheck | Ttotal | Status | Flags |
---|---|---|---|---|---|---|
r-devel-linux-x86_64-debian-clang | 0.6 | 1.48 | 16.78 | 18.26 | OK | |
r-devel-linux-x86_64-debian-gcc | 0.6 | 1.18 | 13.42 | 14.60 | OK | |
r-devel-linux-x86_64-fedora-clang | 0.6 | 29.42 | OK | |||
r-devel-linux-x86_64-fedora-gcc | 0.6 | 28.20 | OK | |||
r-devel-macos-arm64 | 0.6 | 13.00 | OK | |||
r-devel-macos-x86_64 | 0.6 | 22.00 | OK | |||
r-devel-windows-x86_64 | 0.6 | 3.00 | 35.00 | 38.00 | OK | |
r-patched-linux-x86_64 | 0.6 | 1.62 | 16.20 | 17.82 | NOTE | |
r-release-linux-x86_64 | 0.6 | 1.55 | 16.46 | 18.01 | NOTE | |
r-release-macos-arm64 | 0.6 | 13.00 | NOTE | |||
r-release-macos-x86_64 | 0.6 | 19.00 | NOTE | |||
r-release-windows-x86_64 | 0.6 | 3.00 | 33.00 | 36.00 | NOTE | |
r-oldrel-macos-arm64 | 0.6 | 13.00 | NOTE | |||
r-oldrel-macos-x86_64 | 0.6 | 17.00 | NOTE | |||
r-oldrel-windows-x86_64 | 0.6 | 5.00 | 34.00 | 39.00 | NOTE |
Version: 0.6
Check: LazyData
Result: NOTE
'LazyData' is specified without a 'data' directory
Flavors: r-patched-linux-x86_64, r-release-linux-x86_64, r-release-macos-arm64, r-release-macos-x86_64, r-release-windows-x86_64, r-oldrel-macos-arm64, r-oldrel-macos-x86_64, r-oldrel-windows-x86_64