Last updated on 2025-02-20 09:50:52 CET.
Flavor | Version | Tinstall | Tcheck | Ttotal | Status | Flags |
---|---|---|---|---|---|---|
r-devel-linux-x86_64-debian-clang | 6.1.0 | 209.52 | 282.04 | 491.56 | OK | |
r-devel-linux-x86_64-debian-gcc | 6.1.0 | 153.27 | 174.22 | 327.49 | OK | |
r-devel-linux-x86_64-fedora-clang | 6.1.0 | 825.18 | OK | |||
r-devel-linux-x86_64-fedora-gcc | 6.1.0 | 866.76 | OK | |||
r-devel-macos-arm64 | 6.1.0 | 206.00 | OK | |||
r-devel-macos-x86_64 | 6.1.0 | 328.00 | OK | |||
r-devel-windows-x86_64 | 6.1.0 | 201.00 | 319.00 | 520.00 | OK | |
r-patched-linux-x86_64 | 6.1.0 | 212.68 | 271.23 | 483.91 | OK | |
r-release-linux-x86_64 | 6.1.0 | 209.65 | 263.48 | 473.13 | OK | |
r-release-macos-arm64 | 6.1.0 | 198.00 | NOTE | |||
r-release-macos-x86_64 | 6.1.0 | 387.00 | NOTE | |||
r-release-windows-x86_64 | 6.1.0 | 198.00 | 321.00 | 519.00 | OK | |
r-oldrel-macos-arm64 | 6.1.0 | 220.00 | NOTE | |||
r-oldrel-macos-x86_64 | 6.1.0 | 388.00 | NOTE | |||
r-oldrel-windows-x86_64 | 6.1.0 | 249.00 | 414.00 | 663.00 | OK |
Version: 6.1.0
Check: installed package size
Result: NOTE
installed size is 35.7Mb
sub-directories of 1Mb or more:
libs 35.2Mb
Flavors: r-release-macos-arm64, r-release-macos-x86_64, r-oldrel-macos-arm64, r-oldrel-macos-x86_64