Last updated on 2025-02-19 09:50:52 CET.
Flavor | Version | Tinstall | Tcheck | Ttotal | Status | Flags |
---|---|---|---|---|---|---|
r-devel-linux-x86_64-debian-clang | 0.2.9 | 128.91 | 175.04 | 303.95 | OK | |
r-devel-linux-x86_64-debian-gcc | 0.2.9 | 102.92 | 109.54 | 212.46 | OK | |
r-devel-linux-x86_64-fedora-clang | 0.2.9 | 594.04 | OK | |||
r-devel-linux-x86_64-fedora-gcc | 0.2.9 | 564.24 | OK | |||
r-devel-macos-arm64 | 0.2.9 | 109.00 | OK | |||
r-devel-macos-x86_64 | 0.2.9 | 205.00 | OK | |||
r-devel-windows-x86_64 | 0.2.9 | 133.00 | 201.00 | 334.00 | OK | |
r-patched-linux-x86_64 | 0.2.9 | 147.53 | 168.92 | 316.45 | OK | |
r-release-linux-x86_64 | 0.2.9 | 145.95 | 160.20 | 306.15 | OK | |
r-release-macos-arm64 | 0.2.9 | 117.00 | NOTE | |||
r-release-macos-x86_64 | 0.2.9 | 160.00 | NOTE | |||
r-release-windows-x86_64 | 0.2.9 | 133.00 | 204.00 | 337.00 | OK | |
r-oldrel-macos-arm64 | 0.2.9 | 138.00 | NOTE | |||
r-oldrel-macos-x86_64 | 0.2.9 | 325.00 | NOTE | |||
r-oldrel-windows-x86_64 | 0.2.9 | 126.00 | 248.00 | 374.00 | OK |
Version: 0.2.9
Check: installed package size
Result: NOTE
installed size is 9.8Mb
sub-directories of 1Mb or more:
libs 8.1Mb
Flavors: r-release-macos-arm64, r-release-macos-x86_64, r-oldrel-macos-arm64, r-oldrel-macos-x86_64