Last updated on 2025-02-19 09:50:52 CET.
Flavor | Version | Tinstall | Tcheck | Ttotal | Status | Flags |
---|---|---|---|---|---|---|
r-devel-linux-x86_64-debian-clang | 0.2.1 | 10.36 | 171.38 | 181.74 | NOTE | |
r-devel-linux-x86_64-debian-gcc | 0.2.1 | 7.29 | 115.74 | 123.03 | NOTE | |
r-devel-linux-x86_64-fedora-clang | 0.2.1 | 314.43 | NOTE | |||
r-devel-linux-x86_64-fedora-gcc | 0.2.1 | 280.84 | NOTE | |||
r-devel-macos-arm64 | 0.2.1 | 97.00 | NOTE | |||
r-devel-macos-x86_64 | 0.2.1 | 166.00 | NOTE | |||
r-devel-windows-x86_64 | 0.2.1 | 12.00 | 179.00 | 191.00 | NOTE | |
r-patched-linux-x86_64 | 0.2.1 | 9.59 | 165.12 | 174.71 | NOTE | |
r-release-linux-x86_64 | 0.2.1 | 9.68 | 157.67 | 167.35 | NOTE | |
r-release-macos-arm64 | 0.2.1 | 82.00 | NOTE | |||
r-release-macos-x86_64 | 0.2.1 | 122.00 | NOTE | |||
r-release-windows-x86_64 | 0.2.1 | 12.00 | 175.00 | 187.00 | NOTE | |
r-oldrel-macos-arm64 | 0.2.1 | 105.00 | NOTE | |||
r-oldrel-macos-x86_64 | 0.2.1 | 184.00 | NOTE | |||
r-oldrel-windows-x86_64 | 0.2.1 | 17.00 | 215.00 | 232.00 | NOTE |
Version: 0.2.1
Check: Rd files
Result: NOTE
checkRd: (-1) ir_to_transmittance.Rd:49: Escaped LaTeX specials: \&
Flavors: r-devel-linux-x86_64-debian-clang, r-devel-linux-x86_64-debian-gcc, r-devel-linux-x86_64-fedora-clang, r-devel-linux-x86_64-fedora-gcc, r-devel-macos-arm64, r-devel-macos-x86_64, r-devel-windows-x86_64, r-patched-linux-x86_64, r-release-linux-x86_64, r-release-macos-arm64, r-release-macos-x86_64, r-release-windows-x86_64, r-oldrel-macos-arm64, r-oldrel-macos-x86_64, r-oldrel-windows-x86_64