Last updated on 2025-02-17 09:49:43 CET.
Flavor | Version | Tinstall | Tcheck | Ttotal | Status | Flags |
---|---|---|---|---|---|---|
r-devel-linux-x86_64-debian-clang | 0.1.3 | 44.28 | 33.57 | 77.85 | NOTE | |
r-devel-linux-x86_64-debian-gcc | 0.1.3 | 34.93 | 30.43 | 65.36 | NOTE | |
r-devel-linux-x86_64-fedora-clang | 0.1.3 | 145.72 | NOTE | |||
r-devel-linux-x86_64-fedora-gcc | 0.1.3 | 158.93 | NOTE | |||
r-devel-macos-arm64 | 0.1.3 | 42.00 | NOTE | |||
r-devel-macos-x86_64 | 0.1.3 | 96.00 | NOTE | |||
r-devel-windows-x86_64 | 0.1.3 | 44.00 | 86.00 | 130.00 | NOTE | |
r-patched-linux-x86_64 | 0.1.3 | 46.20 | 37.56 | 83.76 | NOTE | |
r-release-linux-x86_64 | 0.1.3 | 50.27 | 36.41 | 86.68 | NOTE | |
r-release-macos-arm64 | 0.1.3 | 44.00 | NOTE | |||
r-release-macos-x86_64 | 0.1.3 | 112.00 | NOTE | |||
r-release-windows-x86_64 | 0.1.3 | 44.00 | 88.00 | 132.00 | NOTE | |
r-oldrel-macos-arm64 | 0.1.3 | 52.00 | NOTE | |||
r-oldrel-macos-x86_64 | 0.1.3 | 79.00 | NOTE | |||
r-oldrel-windows-x86_64 | 0.1.3 | 55.00 | 98.00 | 153.00 | NOTE |
Version: 0.1.3
Check: C++ specification
Result: NOTE
Specified C++11: please drop specification unless essential
Flavors: r-devel-linux-x86_64-debian-clang, r-devel-linux-x86_64-debian-gcc, r-devel-linux-x86_64-fedora-clang, r-devel-linux-x86_64-fedora-gcc, r-devel-macos-arm64, r-devel-macos-x86_64, r-devel-windows-x86_64, r-patched-linux-x86_64, r-release-linux-x86_64, r-release-macos-arm64, r-release-macos-x86_64, r-release-windows-x86_64, r-oldrel-macos-arm64, r-oldrel-macos-x86_64, r-oldrel-windows-x86_64
Version: 0.1.3
Check: installed package size
Result: NOTE
installed size is 17.5Mb
sub-directories of 1Mb or more:
libs 17.3Mb
Flavors: r-release-macos-arm64, r-release-macos-x86_64, r-oldrel-macos-arm64, r-oldrel-macos-x86_64