Last updated on 2025-02-19 09:50:51 CET.
Flavor | Version | Tinstall | Tcheck | Ttotal | Status | Flags |
---|---|---|---|---|---|---|
r-devel-linux-x86_64-debian-clang | 1.0 | 40.11 | 58.83 | 98.94 | NOTE | |
r-devel-linux-x86_64-debian-gcc | 1.0 | 31.98 | 41.67 | 73.65 | NOTE | |
r-devel-linux-x86_64-fedora-clang | 1.0 | 172.67 | NOTE | |||
r-devel-linux-x86_64-fedora-gcc | 1.0 | 166.26 | NOTE | |||
r-devel-macos-arm64 | 1.0 | 51.00 | NOTE | |||
r-devel-macos-x86_64 | 1.0 | 90.00 | NOTE | |||
r-devel-windows-x86_64 | 1.0 | 46.00 | 101.00 | 147.00 | NOTE | |
r-patched-linux-x86_64 | 1.0 | 42.06 | 53.14 | 95.20 | NOTE | |
r-release-linux-x86_64 | 1.0 | 41.18 | 53.83 | 95.01 | NOTE | |
r-release-macos-arm64 | 1.0 | 46.00 | NOTE | |||
r-release-macos-x86_64 | 1.0 | 65.00 | NOTE | |||
r-release-windows-x86_64 | 1.0 | 46.00 | 94.00 | 140.00 | NOTE | |
r-oldrel-macos-arm64 | 1.0 | 54.00 | NOTE | |||
r-oldrel-macos-x86_64 | 1.0 | 84.00 | NOTE | |||
r-oldrel-windows-x86_64 | 1.0 | 57.00 | 134.00 | 191.00 | NOTE |
Version: 1.0
Check: C++ specification
Result: NOTE
Specified C++11: please drop specification unless essential
Flavors: r-devel-linux-x86_64-debian-clang, r-devel-linux-x86_64-debian-gcc, r-devel-linux-x86_64-fedora-clang, r-devel-linux-x86_64-fedora-gcc, r-devel-macos-arm64, r-devel-macos-x86_64, r-devel-windows-x86_64, r-patched-linux-x86_64, r-release-linux-x86_64, r-release-macos-arm64, r-release-macos-x86_64, r-release-windows-x86_64, r-oldrel-macos-arm64, r-oldrel-macos-x86_64, r-oldrel-windows-x86_64