Last updated on 2025-02-20 09:50:51 CET.
Flavor | Version | Tinstall | Tcheck | Ttotal | Status | Flags |
---|---|---|---|---|---|---|
r-devel-linux-x86_64-debian-clang | 0.9.1 | 58.73 | 328.20 | 386.93 | NOTE | |
r-devel-linux-x86_64-debian-gcc | 0.9.1 | 42.03 | 235.67 | 277.70 | NOTE | |
r-devel-linux-x86_64-fedora-clang | 0.9.1 | 589.20 | OK | |||
r-devel-linux-x86_64-fedora-gcc | 0.9.1 | 578.28 | OK | |||
r-devel-macos-arm64 | 0.9.1 | 190.00 | OK | |||
r-devel-macos-x86_64 | 0.9.1 | 321.00 | OK | |||
r-devel-windows-x86_64 | 0.9.1 | 62.00 | 317.00 | 379.00 | NOTE | |
r-patched-linux-x86_64 | 0.9.1 | 66.21 | 302.36 | 368.57 | OK | |
r-release-linux-x86_64 | 0.9.1 | 54.98 | 301.88 | 356.86 | OK | |
r-release-macos-arm64 | 0.9.1 | 166.00 | NOTE | |||
r-release-macos-x86_64 | 0.9.1 | 233.00 | NOTE | |||
r-release-windows-x86_64 | 0.9.1 | 61.00 | 319.00 | 380.00 | NOTE | |
r-oldrel-macos-arm64 | 0.9.1 | 124.00 | NOTE | |||
r-oldrel-macos-x86_64 | 0.9.1 | 213.00 | NOTE | |||
r-oldrel-windows-x86_64 | 0.9.1 | 84.00 | 400.00 | 484.00 | NOTE |
Version: 0.9.1
Check: Rd cross-references
Result: NOTE
Found the following Rd file(s) with Rd \link{} targets missing package
anchors:
coding.Rd: data.table, copy_to
dbAnnotate.Rd: data.table, copy_to
geneUsage.Rd: data.table, copy_to
getKmers.Rd: data.table, copy_to
immunr_hclust.Rd: fviz_nbclust, hcut, dbscan
immunr_pca.Rd: isoMDS, Rtsne
inc_overlap.Rd: data.table, copy_to
pubRep.Rd: data.table, copy_to
repAlignLineage.Rd: data.table
repClonality.Rd: data.table, copy_to
repDiversity.Rd: data.table, copy_to
repExplore.Rd: data.table, copy_to
repGermline.Rd: data.table
repOverlap.Rd: data.table, copy_to
repSample.Rd: data.table, copy_to
select_barcodes.Rd: data.table, copy_to
seqCluster.Rd: data.table
seqDist.Rd: data.table
spectratype.Rd: data.table, copy_to
top.Rd: data.table, copy_to
trackClonotypes.Rd: data.table, copy_to
vis.immunr_gene_usage.Rd: chordDiagram
vis.immunr_hclust.Rd: fviz_dend
vis.immunr_kmeans.Rd: fviz_cluster
vis.immunr_ov_matrix.Rd: chordDiagram
vis.immunr_public_statistics.Rd: upset
vis_box.Rd: melt
vis_circos.Rd: chordDiagram
vis_hist.Rd: melt
vis_textlogo.Rd: geom_logo
Please provide package anchors for all Rd \link{} targets not in the
package itself and the base packages.
Flavors: r-devel-linux-x86_64-debian-clang, r-devel-linux-x86_64-debian-gcc, r-devel-windows-x86_64
Version: 0.9.1
Check: installed package size
Result: NOTE
installed size is 7.4Mb
sub-directories of 1Mb or more:
data 3.4Mb
doc 1.6Mb
Flavors: r-release-macos-arm64, r-release-macos-x86_64, r-release-windows-x86_64, r-oldrel-macos-arm64, r-oldrel-macos-x86_64, r-oldrel-windows-x86_64