Last updated on 2025-11-27 09:49:41 CET.
| Flavor | Version | Tinstall | Tcheck | Ttotal | Status | Flags |
|---|---|---|---|---|---|---|
| r-devel-linux-x86_64-debian-clang | 0.1.0 | 11.88 | 28.28 | 40.16 | NOTE | |
| r-devel-linux-x86_64-debian-gcc | 0.1.0 | 8.68 | 23.13 | 31.81 | NOTE | |
| r-devel-linux-x86_64-fedora-clang | 0.1.1 | 48.70 | OK | |||
| r-devel-linux-x86_64-fedora-gcc | 0.1.1 | 11.00 | 46.95 | 57.95 | OK | |
| r-devel-windows-x86_64 | 0.1.0 | 22.00 | 62.00 | 84.00 | OK | |
| r-patched-linux-x86_64 | 0.1.0 | 13.25 | 25.74 | 38.99 | OK | |
| r-release-linux-x86_64 | 0.1.0 | 13.11 | 25.60 | 38.71 | OK | |
| r-release-macos-arm64 | 0.1.0 | OK | ||||
| r-release-macos-x86_64 | 0.1.1 | 24.00 | 47.00 | 71.00 | OK | |
| r-release-windows-x86_64 | 0.1.0 | 22.00 | 60.00 | 82.00 | OK | |
| r-oldrel-macos-arm64 | 0.1.0 | OK | ||||
| r-oldrel-macos-x86_64 | 0.1.1 | 28.00 | 65.00 | 93.00 | OK | |
| r-oldrel-windows-x86_64 | 0.1.0 | 17.00 | 72.00 | 89.00 | OK |
Version: 0.1.0
Check: CRAN incoming feasibility
Result: NOTE
Maintainer: ‘Jan Wijffels <jwijffels@bnosac.be>’
The Description field contains
<arXiv:0810.2434>. The package allows to detect corners in digital
Please refer to arXiv e-prints via their arXiv DOI <doi:10.48550/arXiv.YYMM.NNNNN>.
Flavors: r-devel-linux-x86_64-debian-clang, r-devel-linux-x86_64-debian-gcc