Last updated on 2025-02-19 09:50:51 CET.
Flavor | Version | Tinstall | Tcheck | Ttotal | Status | Flags |
---|---|---|---|---|---|---|
r-devel-linux-x86_64-debian-clang | 2.3.2 | 74.40 | 25.76 | 100.16 | OK | |
r-devel-linux-x86_64-debian-gcc | 2.3.2 | 60.09 | 20.27 | 80.36 | OK | |
r-devel-linux-x86_64-fedora-clang | 2.3.2 | 154.28 | OK | |||
r-devel-linux-x86_64-fedora-gcc | 2.3.2 | 185.31 | OK | |||
r-devel-macos-arm64 | 2.3.2 | 39.00 | OK | |||
r-devel-macos-x86_64 | 2.3.2 | 55.00 | OK | |||
r-devel-windows-x86_64 | 2.3.2 | 67.00 | 69.00 | 136.00 | OK | |
r-patched-linux-x86_64 | 2.3.2 | 81.92 | 24.58 | 106.50 | OK | |
r-release-linux-x86_64 | 2.3.2 | 81.84 | 24.88 | 106.72 | OK | |
r-release-macos-arm64 | 2.3.2 | 46.00 | NOTE | |||
r-release-macos-x86_64 | 2.3.2 | 60.00 | NOTE | |||
r-release-windows-x86_64 | 2.3.2 | 68.00 | 65.00 | 133.00 | OK | |
r-oldrel-macos-arm64 | 2.3.2 | 47.00 | NOTE | |||
r-oldrel-macos-x86_64 | 2.3.2 | 60.00 | NOTE | |||
r-oldrel-windows-x86_64 | 2.3.2 | 69.00 | 78.00 | 147.00 | OK |
Version: 2.3.2
Check: installed package size
Result: NOTE
installed size is 7.9Mb
sub-directories of 1Mb or more:
libs 7.8Mb
Flavors: r-release-macos-arm64, r-release-macos-x86_64, r-oldrel-macos-arm64, r-oldrel-macos-x86_64