CRAN Package Check Results for Package hrqglas

Last updated on 2025-02-17 09:49:43 CET.

Flavor Version Tinstall Tcheck Ttotal Status Flags
r-devel-linux-x86_64-debian-clang 1.1.0 7.88 53.36 61.24 OK
r-devel-linux-x86_64-debian-gcc 1.1.0 5.50 39.96 45.46 OK
r-devel-linux-x86_64-fedora-clang 1.1.0 100.93 NOTE
r-devel-linux-x86_64-fedora-gcc 1.1.0 96.31 NOTE
r-devel-macos-arm64 1.1.0 32.00 OK
r-devel-macos-x86_64 1.1.0 63.00 OK
r-devel-windows-x86_64 1.1.0 11.00 67.00 78.00 OK
r-patched-linux-x86_64 1.1.0 7.47 49.76 57.23 OK
r-release-linux-x86_64 1.1.0 7.28 51.04 58.32 OK
r-release-macos-arm64 1.1.0 28.00 OK
r-release-macos-x86_64 1.1.0 42.00 OK
r-release-windows-x86_64 1.1.0 10.00 68.00 78.00 OK
r-oldrel-macos-arm64 1.1.0 36.00 OK
r-oldrel-macos-x86_64 1.1.0 50.00 OK
r-oldrel-windows-x86_64 1.1.0 13.00 71.00 84.00 OK

Check Details

Version: 1.1.0
Check: dependencies in R code
Result: NOTE Namespaces in Imports field not imported from: ‘Rcpp’ ‘quantreg’ All declared Imports should be used. Flavors: r-devel-linux-x86_64-fedora-clang, r-devel-linux-x86_64-fedora-gcc