Last updated on 2025-11-27 09:49:40 CET.
| Flavor | Version | Tinstall | Tcheck | Ttotal | Status | Flags |
|---|---|---|---|---|---|---|
| r-devel-linux-x86_64-debian-clang | 0.2.1 | 8.88 | 29.19 | 38.07 | NOTE | |
| r-devel-linux-x86_64-debian-gcc | 0.2.1 | 7.39 | 23.94 | 31.33 | NOTE | |
| r-devel-linux-x86_64-fedora-clang | 0.2.1 | 21.00 | 40.86 | 61.86 | NOTE | |
| r-devel-linux-x86_64-fedora-gcc | 0.2.1 | 45.00 | 36.25 | 81.25 | NOTE | |
| r-devel-windows-x86_64 | 0.2.1 | 18.00 | 52.00 | 70.00 | NOTE | |
| r-patched-linux-x86_64 | 0.2.1 | 10.72 | 26.57 | 37.29 | NOTE | |
| r-release-linux-x86_64 | 0.2.1 | 11.13 | 26.93 | 38.06 | NOTE | |
| r-release-macos-arm64 | 0.2.1 | NOTE | ||||
| r-release-macos-x86_64 | 0.2.1 | 6.00 | 37.00 | 43.00 | NOTE | |
| r-release-windows-x86_64 | 0.2.1 | 14.00 | 52.00 | 66.00 | NOTE | |
| r-oldrel-macos-arm64 | 0.2.1 | NOTE | ||||
| r-oldrel-macos-x86_64 | 0.2.1 | 6.00 | 31.00 | 37.00 | NOTE | |
| r-oldrel-windows-x86_64 | 0.2.1 | 13.00 | 62.00 | 75.00 | NOTE |
Version: 0.2.1
Check: C++ specification
Result: NOTE
Specified C++11: please drop specification unless essential
Flavors: r-devel-linux-x86_64-debian-clang, r-devel-linux-x86_64-debian-gcc, r-devel-windows-x86_64, r-patched-linux-x86_64, r-release-linux-x86_64, r-release-macos-arm64, r-release-macos-x86_64, r-release-windows-x86_64, r-oldrel-macos-arm64, r-oldrel-macos-x86_64, r-oldrel-windows-x86_64
Version: 0.2.1
Check: C++ specification
Result: NOTE
Specified C++11: support will be removed soon
Flavors: r-devel-linux-x86_64-fedora-clang, r-devel-linux-x86_64-fedora-gcc