Last updated on 2025-02-20 09:50:51 CET.
Flavor | Version | Tinstall | Tcheck | Ttotal | Status | Flags |
---|---|---|---|---|---|---|
r-devel-linux-x86_64-debian-clang | 1.2.2 | 8.76 | 15.79 | 24.55 | OK | |
r-devel-linux-x86_64-debian-gcc | 1.2.2 | 6.84 | 13.38 | 20.22 | OK | |
r-devel-linux-x86_64-fedora-clang | 1.2.2 | 39.15 | OK | |||
r-devel-linux-x86_64-fedora-gcc | 1.2.2 | 38.67 | OK | |||
r-devel-macos-arm64 | 1.2.2 | 21.00 | OK | |||
r-devel-macos-x86_64 | 1.2.2 | 37.00 | OK | |||
r-devel-windows-x86_64 | 1.2.2 | 68.00 | 44.00 | 112.00 | OK | |
r-patched-linux-x86_64 | 1.2.2 | 8.59 | 15.19 | 23.78 | OK | |
r-release-linux-x86_64 | 1.2.2 | 8.80 | 15.07 | 23.87 | OK | |
r-release-macos-arm64 | 1.2.2 | 21.00 | NOTE | |||
r-release-macos-x86_64 | 1.2.2 | 35.00 | NOTE | |||
r-release-windows-x86_64 | 1.2.2 | 60.00 | 48.00 | 108.00 | OK | |
r-oldrel-macos-arm64 | 1.2.2 | 26.00 | NOTE | |||
r-oldrel-macos-x86_64 | 1.2.2 | 39.00 | NOTE | |||
r-oldrel-windows-x86_64 | 1.2.2 | 51.00 | 45.00 | 96.00 | OK |
Version: 1.2.2
Check: installed package size
Result: NOTE
installed size is 6.4Mb
sub-directories of 1Mb or more:
libs 6.3Mb
Flavors: r-release-macos-arm64, r-release-macos-x86_64, r-oldrel-macos-arm64, r-oldrel-macos-x86_64