Last updated on 2025-02-20 09:50:51 CET.
Flavor | Version | Tinstall | Tcheck | Ttotal | Status | Flags |
---|---|---|---|---|---|---|
r-devel-linux-x86_64-debian-clang | 1.3.12 | 50.71 | 117.44 | 168.15 | OK | |
r-devel-linux-x86_64-debian-gcc | 1.3.12 | 39.84 | 83.06 | 122.90 | OK | |
r-devel-linux-x86_64-fedora-clang | 1.3.12 | 271.31 | OK | |||
r-devel-linux-x86_64-fedora-gcc | 1.3.12 | 291.86 | OK | |||
r-devel-macos-arm64 | 1.3.12 | 81.00 | OK | |||
r-devel-macos-x86_64 | 1.3.12 | 150.00 | OK | |||
r-devel-windows-x86_64 | 1.3.12 | 64.00 | 157.00 | 221.00 | OK | |
r-patched-linux-x86_64 | 1.3.12 | 58.00 | 112.22 | 170.22 | OK | |
r-release-linux-x86_64 | 1.3.12 | 54.38 | 110.42 | 164.80 | OK | |
r-release-macos-arm64 | 1.3.12 | 100.00 | NOTE | |||
r-release-macos-x86_64 | 1.3.12 | 208.00 | NOTE | |||
r-release-windows-x86_64 | 1.3.12 | 64.00 | 162.00 | 226.00 | NOTE | |
r-oldrel-macos-arm64 | 1.3.11 | 132.00 | NOTE | |||
r-oldrel-macos-x86_64 | 1.3.12 | 185.00 | NOTE | |||
r-oldrel-windows-x86_64 | 1.3.12 | 76.00 | 189.00 | 265.00 | NOTE |
Version: 1.3.12
Check: installed package size
Result: NOTE
installed size is 8.1Mb
sub-directories of 1Mb or more:
libs 5.5Mb
Flavors: r-release-macos-arm64, r-release-macos-x86_64, r-release-windows-x86_64, r-oldrel-macos-x86_64, r-oldrel-windows-x86_64
Version: 1.3.11
Check: installed package size
Result: NOTE
installed size is 8.1Mb
sub-directories of 1Mb or more:
libs 5.5Mb
Flavor: r-oldrel-macos-arm64