Last updated on 2025-02-19 09:50:51 CET.
Flavor | Version | Tinstall | Tcheck | Ttotal | Status | Flags |
---|---|---|---|---|---|---|
r-devel-linux-x86_64-debian-clang | 2.0.0 | 3.64 | 26.82 | 30.46 | OK | |
r-devel-linux-x86_64-debian-gcc | 2.0.0 | 2.74 | 19.61 | 22.35 | OK | |
r-devel-linux-x86_64-fedora-clang | 2.0.0 | 47.22 | OK | |||
r-devel-linux-x86_64-fedora-gcc | 2.0.0 | 43.90 | OK | |||
r-devel-macos-arm64 | 2.0.0 | 16.00 | OK | |||
r-devel-macos-x86_64 | 2.0.0 | 29.00 | OK | |||
r-devel-windows-x86_64 | 2.0.0 | 6.00 | 46.00 | 52.00 | OK | |
r-patched-linux-x86_64 | 2.0.0 | 3.48 | 25.62 | 29.10 | OK | |
r-release-linux-x86_64 | 2.0.0 | 3.55 | 24.89 | 28.44 | OK | |
r-release-macos-arm64 | 2.0.0 | 190.00 | OK | |||
r-release-macos-x86_64 | 2.0.0 | 200.00 | OK | |||
r-release-windows-x86_64 | 2.0.0 | 5.00 | 46.00 | 51.00 | OK | |
r-oldrel-macos-arm64 | 2.0.0 | 11.00 | ERROR | |||
r-oldrel-macos-x86_64 | 2.0.0 | 12.00 | ERROR | |||
r-oldrel-windows-x86_64 | 2.0.0 | 7.00 | 72.00 | 79.00 | OK |
Version: 2.0.0
Check: package dependencies
Result: ERROR
Package required but not available: ‘handwriterRF’
See section ‘The DESCRIPTION file’ in the ‘Writing R Extensions’
manual.
Flavors: r-oldrel-macos-arm64, r-oldrel-macos-x86_64