Last updated on 2025-02-19 09:50:50 CET.
Flavor | Version | Tinstall | Tcheck | Ttotal | Status | Flags |
---|---|---|---|---|---|---|
r-devel-linux-x86_64-debian-clang | 0.0.3 | 2.60 | 81.46 | 84.06 | OK | |
r-devel-linux-x86_64-debian-gcc | 0.0.3 | 1.90 | 52.91 | 54.81 | OK | |
r-devel-linux-x86_64-fedora-clang | 0.0.3 | 146.87 | NOTE | |||
r-devel-linux-x86_64-fedora-gcc | 0.0.3 | 161.30 | NOTE | |||
r-devel-macos-arm64 | 0.0.3 | 43.00 | OK | |||
r-devel-macos-x86_64 | 0.0.3 | 92.00 | OK | |||
r-devel-windows-x86_64 | 0.0.3 | 3.00 | 111.00 | 114.00 | OK | |
r-patched-linux-x86_64 | 0.0.3 | 1.86 | 78.92 | 80.78 | OK | |
r-release-linux-x86_64 | 0.0.3 | 2.33 | 77.32 | 79.65 | OK | |
r-release-macos-arm64 | 0.0.3 | 42.00 | OK | |||
r-release-macos-x86_64 | 0.0.3 | 75.00 | OK | |||
r-release-windows-x86_64 | 0.0.3 | 4.00 | 105.00 | 109.00 | OK | |
r-oldrel-macos-arm64 | 0.0.3 | 46.00 | OK | |||
r-oldrel-macos-x86_64 | 0.0.3 | 78.00 | OK | |||
r-oldrel-windows-x86_64 | 0.0.3 | 5.00 | 117.00 | 122.00 | OK |
Version: 0.0.3
Check: dependencies in R code
Result: NOTE
Namespaces in Imports field not imported from:
‘MASS’ ‘rjags’
All declared Imports should be used.
Flavors: r-devel-linux-x86_64-fedora-clang, r-devel-linux-x86_64-fedora-gcc