CRAN Package Check Results for Package gofedf

Last updated on 2025-02-17 09:49:42 CET.

Flavor Version Tinstall Tcheck Ttotal Status Flags
r-devel-linux-x86_64-debian-clang 0.1.0 2.77 28.79 31.56 NOTE
r-devel-linux-x86_64-debian-gcc 0.1.0 2.23 21.59 23.82 NOTE
r-devel-linux-x86_64-fedora-clang 0.1.0 52.45 OK
r-devel-linux-x86_64-fedora-gcc 0.1.0 61.57 OK
r-devel-macos-arm64 0.1.0 24.00 OK
r-devel-macos-x86_64 0.1.0 44.00 OK
r-devel-windows-x86_64 0.1.0 5.00 59.00 64.00 NOTE
r-patched-linux-x86_64 0.1.0 3.82 26.65 30.47 OK
r-release-linux-x86_64 0.1.0 2.34 26.39 28.73 OK
r-release-macos-arm64 0.1.0 23.00 OK
r-release-macos-x86_64 0.1.0 35.00 OK
r-release-windows-x86_64 0.1.0 5.00 53.00 58.00 OK
r-oldrel-macos-arm64 0.1.0 29.00 OK
r-oldrel-macos-x86_64 0.1.0 120.00 OK
r-oldrel-windows-x86_64 0.1.0 6.00 51.00 57.00 OK

Check Details

Version: 0.1.0
Check: Rd cross-references
Result: NOTE Found the following Rd file(s) with Rd \link{} targets missing package anchors: glmMLE.Rd: glm2 testGLMGamma.Rd: glm2 Please provide package anchors for all Rd \link{} targets not in the package itself and the base packages. Flavors: r-devel-linux-x86_64-debian-clang, r-devel-linux-x86_64-debian-gcc, r-devel-windows-x86_64