CRAN Package Check Results for Package globals

Last updated on 2025-02-17 09:49:42 CET.

Flavor Version Tinstall Tcheck Ttotal Status Flags
r-devel-linux-x86_64-debian-clang 0.16.3 2.45 30.82 33.27 NOTE
r-devel-linux-x86_64-debian-gcc 0.16.3 1.97 22.51 24.48 NOTE
r-devel-linux-x86_64-fedora-clang 0.16.3 55.89 OK
r-devel-linux-x86_64-fedora-gcc 0.16.3 50.55 OK
r-devel-macos-arm64 0.16.3 20.00 OK
r-devel-macos-x86_64 0.16.3 47.00 OK
r-devel-windows-x86_64 0.16.3 5.00 56.00 61.00 NOTE
r-patched-linux-x86_64 0.16.3 2.70 28.54 31.24 OK
r-release-linux-x86_64 0.16.3 2.43 28.37 30.80 OK
r-release-macos-arm64 0.16.3 26.00 OK
r-release-macos-x86_64 0.16.3 31.00 OK
r-release-windows-x86_64 0.16.3 5.00 49.00 54.00 OK
r-oldrel-macos-arm64 0.16.3 38.00 OK
r-oldrel-macos-x86_64 0.16.3 65.00 OK
r-oldrel-windows-x86_64 0.16.3 6.00 51.00 57.00 OK

Check Details

Version: 0.16.3
Check: Rd cross-references
Result: NOTE Found the following Rd file(s) with Rd \link{} targets missing package anchors: globalsOf.Rd: codetools Please provide package anchors for all Rd \link{} targets not in the package itself and the base packages. Flavors: r-devel-linux-x86_64-debian-clang, r-devel-linux-x86_64-debian-gcc, r-devel-windows-x86_64