Last updated on 2025-02-19 09:50:50 CET.
Flavor | Version | Tinstall | Tcheck | Ttotal | Status | Flags |
---|---|---|---|---|---|---|
r-devel-linux-x86_64-debian-clang | 1.1.2 | 85.13 | 48.78 | 133.91 | OK | |
r-devel-linux-x86_64-debian-gcc | 1.1.2 | 71.38 | 35.46 | 106.84 | OK | |
r-devel-linux-x86_64-fedora-clang | 1.1.2 | 275.96 | OK | |||
r-devel-linux-x86_64-fedora-gcc | 1.1.2 | 269.11 | OK | |||
r-devel-macos-arm64 | 1.1.1 | 58.00 | OK | |||
r-devel-macos-x86_64 | 1.1.2 | 71.00 | OK | |||
r-devel-windows-x86_64 | 1.1.1 | 138.00 | 87.00 | 225.00 | OK | |
r-patched-linux-x86_64 | 1.1.2 | 101.30 | 45.05 | 146.35 | NOTE | |
r-release-linux-x86_64 | 1.1.1 | 97.36 | 45.16 | 142.52 | NOTE | |
r-release-macos-arm64 | 1.1.1 | 40.00 | NOTE | |||
r-release-macos-x86_64 | 1.1.2 | 87.00 | NOTE | |||
r-release-windows-x86_64 | 1.1.2 | 126.00 | 112.00 | 238.00 | NOTE | |
r-oldrel-macos-arm64 | 1.1.1 | 81.00 | NOTE | |||
r-oldrel-macos-x86_64 | 1.1.2 | 79.00 | NOTE | |||
r-oldrel-windows-x86_64 | 1.1.2 | 128.00 | 106.00 | 234.00 | NOTE |
Version: 1.1.2
Check: for GNU extensions in Makefiles
Result: NOTE
GNU make is a SystemRequirements.
Flavors: r-patched-linux-x86_64, r-release-macos-x86_64, r-release-windows-x86_64, r-oldrel-macos-x86_64, r-oldrel-windows-x86_64
Version: 1.1.1
Check: for GNU extensions in Makefiles
Result: NOTE
GNU make is a SystemRequirements.
Flavors: r-release-linux-x86_64, r-release-macos-arm64, r-oldrel-macos-arm64
Version: 1.1.1
Check: installed package size
Result: NOTE
installed size is 7.4Mb
sub-directories of 1Mb or more:
libs 7.1Mb
Flavors: r-release-macos-arm64, r-oldrel-macos-arm64
Version: 1.1.2
Check: installed package size
Result: NOTE
installed size is 7.5Mb
sub-directories of 1Mb or more:
libs 7.1Mb
Flavors: r-release-macos-x86_64, r-oldrel-macos-x86_64